{"version":"1.0","provider_name":"Festival vedy a techniky AMAVET","provider_url":"https:\/\/www.festivalvedy.sk\/wp2","title":"Antropick\u00e9 zmeny ako zdroj potencion\u00e1lnej kontamin\u00e1cie mokrade - Festival vedy a techniky AMAVET","type":"rich","width":600,"height":338,"html":"<blockquote class=\"wp-embedded-content\" data-secret=\"XVlptNX8IW\"><a href=\"https:\/\/www.festivalvedy.sk\/wp2\/antropicke-zmeny-ako-zdroj-potencionalnej-kontaminacie-mokrade\/\">Antropick\u00e9 zmeny ako zdroj potencion\u00e1lnej kontamin\u00e1cie mokrade<\/a><\/blockquote><iframe sandbox=\"allow-scripts\" security=\"restricted\" src=\"https:\/\/www.festivalvedy.sk\/wp2\/antropicke-zmeny-ako-zdroj-potencionalnej-kontaminacie-mokrade\/embed\/#?secret=XVlptNX8IW\" width=\"600\" height=\"338\" title=\"&#8220;Antropick\u00e9 zmeny ako zdroj potencion\u00e1lnej kontamin\u00e1cie mokrade&#8221; &#8212; Festival vedy a techniky AMAVET\" data-secret=\"XVlptNX8IW\" frameborder=\"0\" marginwidth=\"0\" marginheight=\"0\" scrolling=\"no\" class=\"wp-embedded-content\"><\/iframe><script type=\"text\/javascript\">\n\/* <![CDATA[ *\/\n\/*! This file is auto-generated *\/\n!function(d,l){\"use strict\";l.querySelector&&d.addEventListener&&\"undefined\"!=typeof URL&&(d.wp=d.wp||{},d.wp.receiveEmbedMessage||(d.wp.receiveEmbedMessage=function(e){var t=e.data;if((t||t.secret||t.message||t.value)&&!\/[^a-zA-Z0-9]\/.test(t.secret)){for(var s,r,n,a=l.querySelectorAll('iframe[data-secret=\"'+t.secret+'\"]'),o=l.querySelectorAll('blockquote[data-secret=\"'+t.secret+'\"]'),c=new RegExp(\"^https?:$\",\"i\"),i=0;i<o.length;i++)o[i].style.display=\"none\";for(i=0;i<a.length;i++)s=a[i],e.source===s.contentWindow&&(s.removeAttribute(\"style\"),\"height\"===t.message?(1e3<(r=parseInt(t.value,10))?r=1e3:~~r<200&&(r=200),s.height=r):\"link\"===t.message&&(r=new URL(s.getAttribute(\"src\")),n=new URL(t.value),c.test(n.protocol))&&n.host===r.host&&l.activeElement===s&&(d.top.location.href=t.value))}},d.addEventListener(\"message\",d.wp.receiveEmbedMessage,!1),l.addEventListener(\"DOMContentLoaded\",function(){for(var e,t,s=l.querySelectorAll(\"iframe.wp-embedded-content\"),r=0;r<s.length;r++)(t=(e=s[r]).getAttribute(\"data-secret\"))||(t=Math.random().toString(36).substring(2,12),e.src+=\"#?secret=\"+t,e.setAttribute(\"data-secret\",t)),e.contentWindow.postMessage({message:\"ready\",secret:t},\"*\")},!1)))}(window,document);\n\/* ]]> *\/\n<\/script>\n","description":"Autor\/autori: Peter Nociar Projekt sa zaober\u00e1 mokra\u010fov\u00fdm biotopom. Nach\u00e1dza sa v bl\u00edzkosti priemyselnej z\u00f3ny a je domovom mnoh\u00fdch vz\u00e1cnych druhov fauny. \u0160es\u0165ro\u010dn\u00fdm sk\u00faman\u00edm dan\u00e9ho ekosyst\u00e9mu sme bohu\u017eia\u013e zistili rap\u00eddny pokles viacer\u00fdch druhov \u017eivo\u010d\u00edchov. Najv\u00e4\u010d\u0161\u00ed \u00fabytok je hlavne u oboj\u017eiveln\u00edkov i napriek pr\u00edtomnosti hojn\u00e9ho po\u010dtu \u017eubrienok v jarnom obdob\u00ed.. Hlavn\u00fdm cie\u013eom bolo zisti\u0165 pr\u00edtomnos\u0165 patog\u00e9nnych mikroorganizmov [&hellip;]"}

Antropické zmeny ako zdroj potencionálnej kontaminácie mokrade - Festival vedy a techniky AMAVET

<blockquote class="wp-embedded-content" data-secret="XVlptNX8IW"><a href="https://www.festivalvedy.sk/wp2/antropicke-zmeny-ako-zdroj-potencionalnej-kontaminacie-mokrade/">Antropické zmeny ako zdroj potencionálnej kontaminácie mokrade</a></blockquote><iframe sandbox="allow-scripts" security="restricted" src="https://www.festivalvedy.sk/wp2/antropicke-zmeny-ako-zdroj-potencionalnej-kontaminacie-mokrade/embed/#?secret=XVlptNX8IW" width="600" height="338" title="&#8220;Antropické zmeny ako zdroj potencionálnej kontaminácie mokrade&#8221; &#8212; Festival vedy a techniky AMAVET" data-secret="XVlptNX8IW" frameborder="0" marginwidth="0" marginheight="0" scrolling="no" class="wp-embedded-content"></iframe><script type="text/javascript">
/* <![CDATA[ */
/*! This file is auto-generated */
!function(d,l){"use strict";l.querySelector&&d.addEventListener&&"undefined"!=typeof URL&&(d.wp=d.wp||{},d.wp.receiveEmbedMessage||(d.wp.receiveEmbedMessage=function(e){var t=e.data;if((t||t.secret||t.message||t.value)&&!/[^a-zA-Z0-9]/.test(t.secret)){for(var s,r,n,a=l.querySelectorAll('iframe[data-secret="'+t.secret+'"]'),o=l.querySelectorAll('blockquote[data-secret="'+t.secret+'"]'),c=new RegExp("^https?:$","i"),i=0;i<o.length;i++)o[i].style.display="none";for(i=0;i<a.length;i++)s=a[i],e.source===s.contentWindow&&(s.removeAttribute("style"),"height"===t.message?(1e3<(r=parseInt(t.value,10))?r=1e3:~~r<200&&(r=200),s.height=r):"link"===t.message&&(r=new URL(s.getAttribute("src")),n=new URL(t.value),c.test(n.protocol))&&n.host===r.host&&l.activeElement===s&&(d.top.location.href=t.value))}},d.addEventListener("message",d.wp.receiveEmbedMessage,!1),l.addEventListener("DOMContentLoaded",function(){for(var e,t,s=l.querySelectorAll("iframe.wp-embedded-content"),r=0;r<s.length;r++)(t=(e=s[r]).getAttribute("data-secret"))||(t=Math.random().toString(36).substring(2,12),e.src+="#?secret="+t,e.setAttribute("data-secret",t)),e.contentWindow.postMessage({message:"ready",secret:t},"*")},!1)))}(window,document);
/* ]]> */
</script>

Autor/autori: Peter Nociar Projekt sa zaoberá mokraďovým biotopom. Nachádza sa v blízkosti priemyselnej zóny a je domovom mnohých vzácnych druhov fauny. Šesťročným skúmaním daného ekosystému sme bohužiaľ zistili rapídny pokles viacerých druhov živočíchov. Najväčší úbytok je hlavne u obojživelníkov i napriek prítomnosti hojného počtu žubrienok v jarnom období.. Hlavným cieľom bolo zistiť prítomnosť patogénnych mikroorganizmov [&hellip;]
