{"version":"1.0","provider_name":"Festival vedy a techniky AMAVET","provider_url":"https:\/\/www.festivalvedy.sk\/wp2","title":"Recykl\u00e1cia stavebn\u00fdch materi\u00e1lov - Festival vedy a techniky AMAVET","type":"rich","width":600,"height":338,"html":"<blockquote class=\"wp-embedded-content\" data-secret=\"s3f4tERbmj\"><a href=\"https:\/\/www.festivalvedy.sk\/wp2\/recyklacia-stavebnych-materialov\/\">Recykl\u00e1cia stavebn\u00fdch materi\u00e1lov<\/a><\/blockquote><iframe sandbox=\"allow-scripts\" security=\"restricted\" src=\"https:\/\/www.festivalvedy.sk\/wp2\/recyklacia-stavebnych-materialov\/embed\/#?secret=s3f4tERbmj\" width=\"600\" height=\"338\" title=\"&#8220;Recykl\u00e1cia stavebn\u00fdch materi\u00e1lov&#8221; &#8212; Festival vedy a techniky AMAVET\" data-secret=\"s3f4tERbmj\" frameborder=\"0\" marginwidth=\"0\" marginheight=\"0\" scrolling=\"no\" class=\"wp-embedded-content\"><\/iframe><script type=\"text\/javascript\">\n\/* <![CDATA[ *\/\n\/*! This file is auto-generated *\/\n!function(d,l){\"use strict\";l.querySelector&&d.addEventListener&&\"undefined\"!=typeof URL&&(d.wp=d.wp||{},d.wp.receiveEmbedMessage||(d.wp.receiveEmbedMessage=function(e){var t=e.data;if((t||t.secret||t.message||t.value)&&!\/[^a-zA-Z0-9]\/.test(t.secret)){for(var s,r,n,a=l.querySelectorAll('iframe[data-secret=\"'+t.secret+'\"]'),o=l.querySelectorAll('blockquote[data-secret=\"'+t.secret+'\"]'),c=new RegExp(\"^https?:$\",\"i\"),i=0;i<o.length;i++)o[i].style.display=\"none\";for(i=0;i<a.length;i++)s=a[i],e.source===s.contentWindow&&(s.removeAttribute(\"style\"),\"height\"===t.message?(1e3<(r=parseInt(t.value,10))?r=1e3:~~r<200&&(r=200),s.height=r):\"link\"===t.message&&(r=new URL(s.getAttribute(\"src\")),n=new URL(t.value),c.test(n.protocol))&&n.host===r.host&&l.activeElement===s&&(d.top.location.href=t.value))}},d.addEventListener(\"message\",d.wp.receiveEmbedMessage,!1),l.addEventListener(\"DOMContentLoaded\",function(){for(var e,t,s=l.querySelectorAll(\"iframe.wp-embedded-content\"),r=0;r<s.length;r++)(t=(e=s[r]).getAttribute(\"data-secret\"))||(t=Math.random().toString(36).substring(2,12),e.src+=\"#?secret=\"+t,e.setAttribute(\"data-secret\",t)),e.contentWindow.postMessage({message:\"ready\",secret:t},\"*\")},!1)))}(window,document);\n\/* ]]> *\/\n<\/script>\n","description":"Autor\/autori: Jergu\u0161 \u0160evec Predkladan\u00e1 pr\u00e1ca pojedn\u00e1va o ekonomickom a ekologickom dopade moderniz\u00e1cie dopravy so zrete\u013eom na \u017eivotn\u00e9 prostredie. V s\u00fa\u010dasnej dobe narast\u00e1 svetov\u00e1 popul\u00e1cia, d\u00f4sledkom \u010doho sa vyv\u00edja \u010doraz v\u00e4\u010d\u0161\u00ed tlak na moderniz\u00e1ciu stavebn\u00e9ho priemyslu. V\u00fdvoj nenapreduje iba v stavenej technike, ale neobi\u0161iel ani stavebn\u00e9 materi\u00e1ly, \u010di technol\u00f3giu. Tento trend mo\u017eno pozorova\u0165 v\u0161ade v\u00f4kol n\u00e1s. [&hellip;]"}

Recyklácia stavebných materiálov - Festival vedy a techniky AMAVET

<blockquote class="wp-embedded-content" data-secret="s3f4tERbmj"><a href="https://www.festivalvedy.sk/wp2/recyklacia-stavebnych-materialov/">Recyklácia stavebných materiálov</a></blockquote><iframe sandbox="allow-scripts" security="restricted" src="https://www.festivalvedy.sk/wp2/recyklacia-stavebnych-materialov/embed/#?secret=s3f4tERbmj" width="600" height="338" title="&#8220;Recyklácia stavebných materiálov&#8221; &#8212; Festival vedy a techniky AMAVET" data-secret="s3f4tERbmj" frameborder="0" marginwidth="0" marginheight="0" scrolling="no" class="wp-embedded-content"></iframe><script type="text/javascript">
/* <![CDATA[ */
/*! This file is auto-generated */
!function(d,l){"use strict";l.querySelector&&d.addEventListener&&"undefined"!=typeof URL&&(d.wp=d.wp||{},d.wp.receiveEmbedMessage||(d.wp.receiveEmbedMessage=function(e){var t=e.data;if((t||t.secret||t.message||t.value)&&!/[^a-zA-Z0-9]/.test(t.secret)){for(var s,r,n,a=l.querySelectorAll('iframe[data-secret="'+t.secret+'"]'),o=l.querySelectorAll('blockquote[data-secret="'+t.secret+'"]'),c=new RegExp("^https?:$","i"),i=0;i<o.length;i++)o[i].style.display="none";for(i=0;i<a.length;i++)s=a[i],e.source===s.contentWindow&&(s.removeAttribute("style"),"height"===t.message?(1e3<(r=parseInt(t.value,10))?r=1e3:~~r<200&&(r=200),s.height=r):"link"===t.message&&(r=new URL(s.getAttribute("src")),n=new URL(t.value),c.test(n.protocol))&&n.host===r.host&&l.activeElement===s&&(d.top.location.href=t.value))}},d.addEventListener("message",d.wp.receiveEmbedMessage,!1),l.addEventListener("DOMContentLoaded",function(){for(var e,t,s=l.querySelectorAll("iframe.wp-embedded-content"),r=0;r<s.length;r++)(t=(e=s[r]).getAttribute("data-secret"))||(t=Math.random().toString(36).substring(2,12),e.src+="#?secret="+t,e.setAttribute("data-secret",t)),e.contentWindow.postMessage({message:"ready",secret:t},"*")},!1)))}(window,document);
/* ]]> */
</script>

Autor/autori: Jerguš Ševec Predkladaná práca pojednáva o ekonomickom a ekologickom dopade modernizácie dopravy so zreteľom na životné prostredie. V súčasnej dobe narastá svetová populácia, dôsledkom čoho sa vyvíja čoraz väčší tlak na modernizáciu stavebného priemyslu. Vývoj nenapreduje iba v stavenej technike, ale neobišiel ani stavebné materiály, či technológiu. Tento trend možno pozorovať všade vôkol nás. [&hellip;]
