{"id":2680,"date":"2021-03-10T10:42:27","date_gmt":"2021-03-10T09:42:27","guid":{"rendered":"https:\/\/www.festivalvedy.sk\/wp2\/?page_id=2680"},"modified":"2026-03-12T13:11:45","modified_gmt":"2026-03-12T12:11:45","slug":"hladam-konzultanta","status":"publish","type":"page","link":"https:\/\/www.festivalvedy.sk\/wp2\/hladam-konzultanta\/","title":{"rendered":"H\u013ead\u00e1m konzultanta"},"content":{"rendered":"<p><section class=\"kc-elm kc-css-452346 kc_row\"><div class=\"kc-row-container  kc-container\"><div class=\"kc-wrap-columns\"><div class=\"kc-elm kc-css-816109 kc_col-sm-12 kc_column kc_col-sm-12\"><div class=\"kc-col-container\"><div class=\"kc-elm kc-css-104495 kc_text_block\"><\/p>\n<p>Radi by sme pomohli akt\u00edvnym \u017eiakom, ktor\u00ed maj\u00fa chu\u0165 pracova\u0165 na svojom ved\u00e1torskom projekte. Nie ka\u017ed\u00fd m\u00e1 vo svojom okol\u00ed vhodn\u00fa osobu, s\u00a0ktorou by mohol konzultova\u0165 svoju pr\u00e1cu, pr\u00edpadne nem\u00e1 priestory na svoje experimenty.<\/p>\n<p>Ch\u00fdbaj\u00fa dostato\u010dne vybaven\u00e9 laborat\u00f3ri\u00e1 alebo technick\u00e9 vybavenie. Niektor\u00ed maj\u00fa ochotn\u00fdch u\u010dite\u013eov \u010di rodi\u010dov, ale nie v\u017edy z\u00e1rove\u0148 aj \u0161pecialistov na t\u00e9mu projektu. In\u00ed by zase radi svoju pr\u00e1cu prekonzultovali s\u00a0viacer\u00fdmi odborn\u00edkmi. Tieto, a\u00a0aj in\u00e9 obmedzenia, m\u00f4\u017eu brzdi\u0165 v\u00a0\u010fal\u0161om napredovan\u00ed.<span id=\"more-4628\"><\/span><\/p>\n<p>Ka\u017ed\u00fd m\u00e1 \u0161pecifick\u00fa situ\u00e1ciu a\u00a0my vieme, \u017ee existuje potreba zefekt\u00edvni\u0165 t\u00fato oblas\u0165. T\u00fdm n\u00e1ro\u010dnej\u0161\u00edm \u017eiakom zvy\u010dajne trv\u00e1 dos\u0165 dlho, k\u00fdm n\u00e1jdu spr\u00e1vneho odborn\u00edka, ktor\u00fd by ich vedel nasmerova\u0165 a\u00a0pom\u00f4c\u0165.<\/p>\n<p>V\u00a0pr\u00edpade, \u017ee m\u00e1te z\u00e1ujem o\u00a0pomoc so svojim projektom, ozvite sa n\u00e1m prostredn\u00edctvom formul\u00e1ra. Dobre si premyslite, \u010do vlastne chcete robi\u0165. Mo\u017eno potrebujete len poradi\u0165, nasmerova\u0165. To je v\u00a0poriadku, niekedy aj p\u00e1r emailov od spr\u00e1vnej osoby dok\u00e1\u017ee \u010dloveka posun\u00fa\u0165 \u010falej.<\/p>\n<p>Ak u\u017e m\u00e1te projekt rozbehnut\u00fd, potrebovali by sme vedie\u0165 jeho charakteristiku a\u00a0oblas\u0165, v\u00a0ktorej potrebujete konzult\u00e1ciu. Pr\u00edpadne ak potrebujete priestory na experimenty alebo laborat\u00f3ri\u00e1, bude nevyhnutn\u00e9 op\u00edsa\u0165 va\u0161e po\u017eiadavky a\u00a0predstavy.<\/p>\n<p>V\u00a0ide\u00e1lnom pr\u00edpade v\u00e1m n\u00e1jdeme konzultanta. \u00a0Bude va\u0161ou \u00falohou ho skontaktova\u0165, on u\u017e bude ma\u0165 inform\u00e1cie o\u00a0va\u0161om projekte od n\u00e1s, a\u00a0je na va\u0161ej vz\u00e1jomnej dohode, ak\u00fa formu a\u00a0rozsah spolupr\u00e1ce si zvol\u00edte. V\u0161etko funguje na b\u00e1ze dobrovo\u013enosti, pam\u00e4tajte si preto, \u017ee aj konzultanti to robia na \u00fakor svojho vo\u013en\u00e9ho \u010dasu, preto\u017ee v\u00a0takejto pomoci vidia zmysel.<\/p>\n<p>\n<\/div><\/div><\/div><\/div><\/div><\/section><section class=\"kc-elm kc-css-994856 kc_row\"><div class=\"kc-row-container  kc-container\"><div class=\"kc-wrap-columns\"><div class=\"kc-elm kc-css-435747 kc_col-sm-12 kc_column kc_col-sm-12\"><div class=\"kc-col-container\"><\/div><\/div><\/div><\/div><\/section><\/p>\n","protected":false},"excerpt":{"rendered":"","protected":false},"author":1,"featured_media":0,"parent":0,"menu_order":0,"comment_status":"closed","ping_status":"closed","template":"","meta":{"om_disable_all_campaigns":false,"_monsterinsights_skip_tracking":false,"_monsterinsights_sitenote_active":false,"_monsterinsights_sitenote_note":"","_monsterinsights_sitenote_category":0,"_uf_show_specific_survey":0,"_uf_disable_surveys":false,"footnotes":""},"class_list":["post-2680","page","type-page","status-publish","hentry"],"yoast_head":"<!-- This site is optimized with the Yoast SEO plugin v27.2 - https:\/\/yoast.com\/product\/yoast-seo-wordpress\/ -->\n<title>H\u013ead\u00e1m konzultanta - Festival vedy a techniky AMAVET<\/title>\n<meta name=\"robots\" content=\"index, follow, max-snippet:-1, max-image-preview:large, max-video-preview:-1\" \/>\n<link rel=\"canonical\" href=\"https:\/\/www.festivalvedy.sk\/wp2\/hladam-konzultanta\/\" \/>\n<meta property=\"og:locale\" content=\"sk_SK\" \/>\n<meta property=\"og:type\" content=\"article\" \/>\n<meta property=\"og:title\" content=\"H\u013ead\u00e1m konzultanta - Festival vedy a techniky AMAVET\" \/>\n<meta property=\"og:description\" content=\"Radi by sme pomohli akt\u00edvnym \u017eiakom, ktor\u00ed maj\u00fa chu\u0165 pracova\u0165 na svojom ved\u00e1torskom projekte. Nie ka\u017ed\u00fd m\u00e1 vo svojom okol\u00ed vhodn\u00fa osobu, s\u00a0ktorou by mohol konzultova\u0165 svoju pr\u00e1cu, pr\u00edpadne nem\u00e1 priestory na svoje experimenty. Ch\u00fdbaj\u00fa dostato\u010dne vybaven\u00e9 laborat\u00f3ri\u00e1 alebo technick\u00e9 vybavenie. Niektor\u00ed maj\u00fa ochotn\u00fdch u\u010dite\u013eov \u010di rodi\u010dov, ale nie v\u017edy z\u00e1rove\u0148 aj \u0161pecialistov na t\u00e9mu [&hellip;]\" \/>\n<meta property=\"og:url\" content=\"https:\/\/www.festivalvedy.sk\/wp2\/hladam-konzultanta\/\" \/>\n<meta property=\"og:site_name\" content=\"Festival vedy a techniky AMAVET\" \/>\n<meta property=\"article:modified_time\" content=\"2026-03-12T12:11:45+00:00\" \/>\n<meta name=\"twitter:card\" content=\"summary_large_image\" \/>\n<meta name=\"twitter:label1\" content=\"Predpokladan\u00fd \u010das \u010d\u00edtania\" \/>\n\t<meta name=\"twitter:data1\" content=\"2 min\u00faty\" \/>\n<script type=\"application\/ld+json\" class=\"yoast-schema-graph\">{\"@context\":\"https:\/\/schema.org\",\"@graph\":[{\"@type\":\"WebPage\",\"@id\":\"https:\/\/www.festivalvedy.sk\/wp2\/hladam-konzultanta\/\",\"url\":\"https:\/\/www.festivalvedy.sk\/wp2\/hladam-konzultanta\/\",\"name\":\"H\u013ead\u00e1m konzultanta - Festival vedy a techniky AMAVET\",\"isPartOf\":{\"@id\":\"https:\/\/www.festivalvedy.sk\/wp2\/#website\"},\"datePublished\":\"2021-03-10T09:42:27+00:00\",\"dateModified\":\"2026-03-12T12:11:45+00:00\",\"breadcrumb\":{\"@id\":\"https:\/\/www.festivalvedy.sk\/wp2\/hladam-konzultanta\/#breadcrumb\"},\"inLanguage\":\"sk-SK\",\"potentialAction\":[{\"@type\":\"ReadAction\",\"target\":[\"https:\/\/www.festivalvedy.sk\/wp2\/hladam-konzultanta\/\"]}]},{\"@type\":\"BreadcrumbList\",\"@id\":\"https:\/\/www.festivalvedy.sk\/wp2\/hladam-konzultanta\/#breadcrumb\",\"itemListElement\":[{\"@type\":\"ListItem\",\"position\":1,\"name\":\"Home\",\"item\":\"https:\/\/www.festivalvedy.sk\/wp2\/\"},{\"@type\":\"ListItem\",\"position\":2,\"name\":\"H\u013ead\u00e1m konzultanta\"}]},{\"@type\":\"WebSite\",\"@id\":\"https:\/\/www.festivalvedy.sk\/wp2\/#website\",\"url\":\"https:\/\/www.festivalvedy.sk\/wp2\/\",\"name\":\"Festival vedy a techniky AMAVET\",\"description\":\"AMAVET - Asoci\u00e1cia pre ml\u00e1de\u017e, vedu a techniku\",\"publisher\":{\"@id\":\"https:\/\/www.festivalvedy.sk\/wp2\/#organization\"},\"potentialAction\":[{\"@type\":\"SearchAction\",\"target\":{\"@type\":\"EntryPoint\",\"urlTemplate\":\"https:\/\/www.festivalvedy.sk\/wp2\/?s={search_term_string}\"},\"query-input\":{\"@type\":\"PropertyValueSpecification\",\"valueRequired\":true,\"valueName\":\"search_term_string\"}}],\"inLanguage\":\"sk-SK\"},{\"@type\":\"Organization\",\"@id\":\"https:\/\/www.festivalvedy.sk\/wp2\/#organization\",\"name\":\"Festival vedy a techniky AMAVET\",\"url\":\"https:\/\/www.festivalvedy.sk\/wp2\/\",\"logo\":{\"@type\":\"ImageObject\",\"inLanguage\":\"sk-SK\",\"@id\":\"https:\/\/www.festivalvedy.sk\/wp2\/#\/schema\/logo\/image\/\",\"url\":\"https:\/\/www.festivalvedy.sk\/wp2\/wp-content\/uploads\/2022\/02\/cropped-fvat-ochranna-zona.png\",\"contentUrl\":\"https:\/\/www.festivalvedy.sk\/wp2\/wp-content\/uploads\/2022\/02\/cropped-fvat-ochranna-zona.png\",\"width\":1190,\"height\":357,\"caption\":\"Festival vedy a techniky AMAVET\"},\"image\":{\"@id\":\"https:\/\/www.festivalvedy.sk\/wp2\/#\/schema\/logo\/image\/\"}}]}<\/script>\n<!-- \/ Yoast SEO plugin. -->","yoast_head_json":{"title":"H\u013ead\u00e1m konzultanta - Festival vedy a techniky AMAVET","robots":{"index":"index","follow":"follow","max-snippet":"max-snippet:-1","max-image-preview":"max-image-preview:large","max-video-preview":"max-video-preview:-1"},"canonical":"https:\/\/www.festivalvedy.sk\/wp2\/hladam-konzultanta\/","og_locale":"sk_SK","og_type":"article","og_title":"H\u013ead\u00e1m konzultanta - Festival vedy a techniky AMAVET","og_description":"Radi by sme pomohli akt\u00edvnym \u017eiakom, ktor\u00ed maj\u00fa chu\u0165 pracova\u0165 na svojom ved\u00e1torskom projekte. Nie ka\u017ed\u00fd m\u00e1 vo svojom okol\u00ed vhodn\u00fa osobu, s\u00a0ktorou by mohol konzultova\u0165 svoju pr\u00e1cu, pr\u00edpadne nem\u00e1 priestory na svoje experimenty. Ch\u00fdbaj\u00fa dostato\u010dne vybaven\u00e9 laborat\u00f3ri\u00e1 alebo technick\u00e9 vybavenie. Niektor\u00ed maj\u00fa ochotn\u00fdch u\u010dite\u013eov \u010di rodi\u010dov, ale nie v\u017edy z\u00e1rove\u0148 aj \u0161pecialistov na t\u00e9mu [&hellip;]","og_url":"https:\/\/www.festivalvedy.sk\/wp2\/hladam-konzultanta\/","og_site_name":"Festival vedy a techniky AMAVET","article_modified_time":"2026-03-12T12:11:45+00:00","twitter_card":"summary_large_image","twitter_misc":{"Predpokladan\u00fd \u010das \u010d\u00edtania":"2 min\u00faty"},"schema":{"@context":"https:\/\/schema.org","@graph":[{"@type":"WebPage","@id":"https:\/\/www.festivalvedy.sk\/wp2\/hladam-konzultanta\/","url":"https:\/\/www.festivalvedy.sk\/wp2\/hladam-konzultanta\/","name":"H\u013ead\u00e1m konzultanta - Festival vedy a techniky AMAVET","isPartOf":{"@id":"https:\/\/www.festivalvedy.sk\/wp2\/#website"},"datePublished":"2021-03-10T09:42:27+00:00","dateModified":"2026-03-12T12:11:45+00:00","breadcrumb":{"@id":"https:\/\/www.festivalvedy.sk\/wp2\/hladam-konzultanta\/#breadcrumb"},"inLanguage":"sk-SK","potentialAction":[{"@type":"ReadAction","target":["https:\/\/www.festivalvedy.sk\/wp2\/hladam-konzultanta\/"]}]},{"@type":"BreadcrumbList","@id":"https:\/\/www.festivalvedy.sk\/wp2\/hladam-konzultanta\/#breadcrumb","itemListElement":[{"@type":"ListItem","position":1,"name":"Home","item":"https:\/\/www.festivalvedy.sk\/wp2\/"},{"@type":"ListItem","position":2,"name":"H\u013ead\u00e1m konzultanta"}]},{"@type":"WebSite","@id":"https:\/\/www.festivalvedy.sk\/wp2\/#website","url":"https:\/\/www.festivalvedy.sk\/wp2\/","name":"Festival vedy a techniky AMAVET","description":"AMAVET - Asoci\u00e1cia pre ml\u00e1de\u017e, vedu a techniku","publisher":{"@id":"https:\/\/www.festivalvedy.sk\/wp2\/#organization"},"potentialAction":[{"@type":"SearchAction","target":{"@type":"EntryPoint","urlTemplate":"https:\/\/www.festivalvedy.sk\/wp2\/?s={search_term_string}"},"query-input":{"@type":"PropertyValueSpecification","valueRequired":true,"valueName":"search_term_string"}}],"inLanguage":"sk-SK"},{"@type":"Organization","@id":"https:\/\/www.festivalvedy.sk\/wp2\/#organization","name":"Festival vedy a techniky AMAVET","url":"https:\/\/www.festivalvedy.sk\/wp2\/","logo":{"@type":"ImageObject","inLanguage":"sk-SK","@id":"https:\/\/www.festivalvedy.sk\/wp2\/#\/schema\/logo\/image\/","url":"https:\/\/www.festivalvedy.sk\/wp2\/wp-content\/uploads\/2022\/02\/cropped-fvat-ochranna-zona.png","contentUrl":"https:\/\/www.festivalvedy.sk\/wp2\/wp-content\/uploads\/2022\/02\/cropped-fvat-ochranna-zona.png","width":1190,"height":357,"caption":"Festival vedy a techniky AMAVET"},"image":{"@id":"https:\/\/www.festivalvedy.sk\/wp2\/#\/schema\/logo\/image\/"}}]}},"_links":{"self":[{"href":"https:\/\/www.festivalvedy.sk\/wp2\/wp-json\/wp\/v2\/pages\/2680","targetHints":{"allow":["GET"]}}],"collection":[{"href":"https:\/\/www.festivalvedy.sk\/wp2\/wp-json\/wp\/v2\/pages"}],"about":[{"href":"https:\/\/www.festivalvedy.sk\/wp2\/wp-json\/wp\/v2\/types\/page"}],"author":[{"embeddable":true,"href":"https:\/\/www.festivalvedy.sk\/wp2\/wp-json\/wp\/v2\/users\/1"}],"replies":[{"embeddable":true,"href":"https:\/\/www.festivalvedy.sk\/wp2\/wp-json\/wp\/v2\/comments?post=2680"}],"version-history":[{"count":6,"href":"https:\/\/www.festivalvedy.sk\/wp2\/wp-json\/wp\/v2\/pages\/2680\/revisions"}],"predecessor-version":[{"id":5577,"href":"https:\/\/www.festivalvedy.sk\/wp2\/wp-json\/wp\/v2\/pages\/2680\/revisions\/5577"}],"wp:attachment":[{"href":"https:\/\/www.festivalvedy.sk\/wp2\/wp-json\/wp\/v2\/media?parent=2680"}],"curies":[{"name":"wp","href":"https:\/\/api.w.org\/{rel}","templated":true}]}}

Hľadám konzultanta

<p><section class="kc-elm kc-css-452346 kc_row"><div class="kc-row-container  kc-container"><div class="kc-wrap-columns"><div class="kc-elm kc-css-816109 kc_col-sm-12 kc_column kc_col-sm-12"><div class="kc-col-container"><div class="kc-elm kc-css-104495 kc_text_block"></p>
<p>Radi by sme pomohli aktívnym žiakom, ktorí majú chuť pracovať na svojom vedátorskom projekte. Nie každý má vo svojom okolí vhodnú osobu, s ktorou by mohol konzultovať svoju prácu, prípadne nemá priestory na svoje experimenty.</p>
<p>Chýbajú dostatočne vybavené laboratóriá alebo technické vybavenie. Niektorí majú ochotných učiteľov či rodičov, ale nie vždy zároveň aj špecialistov na tému projektu. Iní by zase radi svoju prácu prekonzultovali s viacerými odborníkmi. Tieto, a aj iné obmedzenia, môžu brzdiť v ďalšom napredovaní.<span id="more-4628"></span></p>
<p>Každý má špecifickú situáciu a my vieme, že existuje potreba zefektívniť túto oblasť. Tým náročnejším žiakom zvyčajne trvá dosť dlho, kým nájdu správneho odborníka, ktorý by ich vedel nasmerovať a pomôcť.</p>
<p>V prípade, že máte záujem o pomoc so svojim projektom, ozvite sa nám prostredníctvom formulára. Dobre si premyslite, čo vlastne chcete robiť. Možno potrebujete len poradiť, nasmerovať. To je v poriadku, niekedy aj pár emailov od správnej osoby dokáže človeka posunúť ďalej.</p>
<p>Ak už máte projekt rozbehnutý, potrebovali by sme vedieť jeho charakteristiku a oblasť, v ktorej potrebujete konzultáciu. Prípadne ak potrebujete priestory na experimenty alebo laboratóriá, bude nevyhnutné opísať vaše požiadavky a predstavy.</p>
<p>V ideálnom prípade vám nájdeme konzultanta.  Bude vašou úlohou ho skontaktovať, on už bude mať informácie o vašom projekte od nás, a je na vašej vzájomnej dohode, akú formu a rozsah spolupráce si zvolíte. Všetko funguje na báze dobrovoľnosti, pamätajte si preto, že aj konzultanti to robia na úkor svojho voľného času, pretože v takejto pomoci vidia zmysel.</p>
<p>
</div></div></div></div></div></section><section class="kc-elm kc-css-994856 kc_row"><div class="kc-row-container  kc-container"><div class="kc-wrap-columns"><div class="kc-elm kc-css-435747 kc_col-sm-12 kc_column kc_col-sm-12"><div class="kc-col-container"></div></div></div></div></section></p>

<!-- This site is optimized with the Yoast SEO plugin v27.2 - https://yoast.com/product/yoast-seo-wordpress/ -->
<title>Hľadám konzultanta - Festival vedy a techniky AMAVET</title>
<meta name="robots" content="index, follow, max-snippet:-1, max-image-preview:large, max-video-preview:-1" />
<link rel="canonical" href="https://www.festivalvedy.sk/wp2/hladam-konzultanta/" />
<meta property="og:locale" content="sk_SK" />
<meta property="og:type" content="article" />
<meta property="og:title" content="Hľadám konzultanta - Festival vedy a techniky AMAVET" />
<meta property="og:description" content="Radi by sme pomohli aktívnym žiakom, ktorí majú chuť pracovať na svojom vedátorskom projekte. Nie každý má vo svojom okolí vhodnú osobu, s ktorou by mohol konzultovať svoju prácu, prípadne nemá priestory na svoje experimenty. Chýbajú dostatočne vybavené laboratóriá alebo technické vybavenie. Niektorí majú ochotných učiteľov či rodičov, ale nie vždy zároveň aj špecialistov na tému [&hellip;]" />
<meta property="og:url" content="https://www.festivalvedy.sk/wp2/hladam-konzultanta/" />
<meta property="og:site_name" content="Festival vedy a techniky AMAVET" />
<meta property="article:modified_time" content="2026-03-12T12:11:45+00:00" />
<meta name="twitter:card" content="summary_large_image" />
<meta name="twitter:label1" content="Predpokladaný čas čítania" />
	<meta name="twitter:data1" content="2 minúty" />
<script type="application/ld+json" class="yoast-schema-graph">{"@context":"https://schema.org","@graph":[{"@type":"WebPage","@id":"https://www.festivalvedy.sk/wp2/hladam-konzultanta/","url":"https://www.festivalvedy.sk/wp2/hladam-konzultanta/","name":"Hľadám konzultanta - Festival vedy a techniky AMAVET","isPartOf":{"@id":"https://www.festivalvedy.sk/wp2/#website"},"datePublished":"2021-03-10T09:42:27+00:00","dateModified":"2026-03-12T12:11:45+00:00","breadcrumb":{"@id":"https://www.festivalvedy.sk/wp2/hladam-konzultanta/#breadcrumb"},"inLanguage":"sk-SK","potentialAction":[{"@type":"ReadAction","target":["https://www.festivalvedy.sk/wp2/hladam-konzultanta/"]}]},{"@type":"BreadcrumbList","@id":"https://www.festivalvedy.sk/wp2/hladam-konzultanta/#breadcrumb","itemListElement":[{"@type":"ListItem","position":1,"name":"Home","item":"https://www.festivalvedy.sk/wp2/"},{"@type":"ListItem","position":2,"name":"Hľadám konzultanta"}]},{"@type":"WebSite","@id":"https://www.festivalvedy.sk/wp2/#website","url":"https://www.festivalvedy.sk/wp2/","name":"Festival vedy a techniky AMAVET","description":"AMAVET - Asociácia pre mládež, vedu a techniku","publisher":{"@id":"https://www.festivalvedy.sk/wp2/#organization"},"potentialAction":[{"@type":"SearchAction","target":{"@type":"EntryPoint","urlTemplate":"https://www.festivalvedy.sk/wp2/?s={search_term_string}"},"query-input":{"@type":"PropertyValueSpecification","valueRequired":true,"valueName":"search_term_string"}}],"inLanguage":"sk-SK"},{"@type":"Organization","@id":"https://www.festivalvedy.sk/wp2/#organization","name":"Festival vedy a techniky AMAVET","url":"https://www.festivalvedy.sk/wp2/","logo":{"@type":"ImageObject","inLanguage":"sk-SK","@id":"https://www.festivalvedy.sk/wp2/#/schema/logo/image/","url":"https://www.festivalvedy.sk/wp2/wp-content/uploads/2022/02/cropped-fvat-ochranna-zona.png","contentUrl":"https://www.festivalvedy.sk/wp2/wp-content/uploads/2022/02/cropped-fvat-ochranna-zona.png","width":1190,"height":357,"caption":"Festival vedy a techniky AMAVET"},"image":{"@id":"https://www.festivalvedy.sk/wp2/#/schema/logo/image/"}}]}</script>
<!-- / Yoast SEO plugin. -->

Hľadám konzultanta - Festival vedy a techniky AMAVET

Radi by sme pomohli aktívnym žiakom, ktorí majú chuť pracovať na svojom vedátorskom projekte. Nie každý má vo svojom okolí vhodnú osobu, s ktorou by mohol konzultovať svoju prácu, prípadne nemá priestory na svoje experimenty. Chýbajú dostatočne vybavené laboratóriá alebo technické vybavenie. Niektorí majú ochotných učiteľov či rodičov, ale nie vždy zároveň aj špecialistov na tému [&hellip;]

2 minúty

AMAVET - Asociácia pre mládež, vedu a techniku
