{"id":28,"date":"2019-09-13T21:16:30","date_gmt":"2019-09-13T19:16:30","guid":{"rendered":"https:\/\/www.festivalvedy.sk\/wp2\/?page_id=28"},"modified":"2023-08-22T10:37:33","modified_gmt":"2023-08-22T08:37:33","slug":"amavet","status":"publish","type":"page","link":"https:\/\/www.festivalvedy.sk\/wp2\/amavet\/","title":{"rendered":"Organiz\u00e1tor AMAVET"},"content":{"rendered":"<section class=\"kc-elm kc-css-612028 kc_row\"><div class=\"kc-row-container  kc-container\"><div class=\"kc-wrap-columns\"><div class=\"kc-elm kc-css-813608 kc_col-sm-12 kc_column kc_col-sm-12\"><div class=\"kc-col-container\"><div class=\"kc-elm kc-css-4017 kc_text_block\"><p><img loading=\"lazy\" decoding=\"async\" class=\"alignleft\" src=\"https:\/\/www.festivalvedy.sk\/wp2\/wp-content\/uploads\/2023\/08\/Hlavny_logotyp_modry-01.png\" alt=\"\" width=\"150\" height=\"25\" \/> Od roku 1990 p\u00f4sob\u00ed AMAVET &#8211; Asoci\u00e1cia pre ml\u00e1de\u017e, vedu a techniku na Slovensku ako ob\u010dianske zdru\u017eenie, ktor\u00e9 vytv\u00e1ra podmienky pre n\u00e1dejn\u00fdch mlad\u00fdch vedcov.<\/p>\n<p><!-- \/wp:post-content --><\/p>\n<p><!-- wp:paragraph --><\/p>\n<p>Od vzniku vystupuje AMAVET ako akt\u00edvny \u010dlen medzin\u00e1rodnej organiz\u00e1cie pre ml\u00e1de\u017e, vedu a techniku vo vo\u013enom \u010dase MILSET.<\/p>\n<p><!-- \/wp:paragraph --><\/p>\n<p><!-- wp:paragraph --><\/p>\n<p>Od roku 1991 sa z\u00fa\u010dast\u0148uje svetovej prehliadky projektov ESI (Expo Sciences International).<br \/>Od roku 1996 je s\u00fa\u010das\u0165ou eur\u00f3pskej prehliadky projektov ESE (Expo Sciences Europe).<br \/>Od roku 2006 je Festival vedy a techniky AMAVET (skratka FVAT) s\u00fa\u010das\u0165ou siete The Society for Science and the Public, ktor\u00e1 organizuje s\u00fa\u0165a\u017e ISEF (International Science and Engineering Fair) v\u00a0USA. Je to najstar\u0161ia a\u00a0najprest\u00ed\u017enej\u0161ia s\u00fa\u0165a\u017e vedeck\u00fdch projektov stredo\u0161kolskej ml\u00e1de\u017ee na svete.<\/p>\n<p><!-- \/wp:paragraph --><\/p>\n<p><!-- wp:paragraph --><\/p>\n<p>Festival vedy a techniky AMAVET organizuje Asoci\u00e1cia pre ml\u00e1de\u017e, vedu a techniku od roku 1998. Viac o organiz\u00e1torovi s\u00fa\u0165a\u017ee n\u00e1jdete na <a href=\"https:\/\/www.amavet.sk\/\" target=\"_blank\" rel=\"noreferrer noopener\" aria-label=\"www.amavet.sk (otvor\u00ed sa v novej karte)\">www.amavet.sk<\/a><\/p>\n<p><!-- \/wp:paragraph --><\/p>\n<p><!-- wp:paragraph --><\/p>\n<p><!-- \/wp:paragraph --><\/p>\n<\/div><div class=\"kc-elm kc-css-810167\" style=\"height: 20px; clear: both; width:100%;\"><\/div>\n<div class=\"kc-elm kc-css-52277 kc-title-wrap \">\n\n\t<h1 class=\"kc_title\">\u010ea\u013e\u0161ie aktivity, ktor\u00e9 organizuje AMAVET<\/h1>\n<\/div>\n<div class=\"kc-elm kc-css-83007\" style=\"height: 20px; clear: both; width:100%;\"><\/div><\/div><\/div><\/div><\/div><\/section><section class=\"kc-elm kc-css-888831 kc_row\"><div class=\"kc-row-container  kc-container\"><div class=\"kc-wrap-columns\"><div class=\"kc-elm kc-css-51452 kc_col-sm-4 kc_column kc_col-sm-4\"><div class=\"kc-col-container\"><div class=\"kc-elm kc-css-33241 kc-animated kc-animate-eff-fadeIn kc-feature-boxes kc-fb-layout-2\">\n\n\t<figure class=\"content-image\"><img decoding=\"async\" src=\"https:\/\/www.festivalvedy.sk\/wp2\/wp-content\/uploads\/2023\/08\/Artboard-124.png\" alt=\"\"><\/figure><div class=\"content-title\">Festival vedy a techniky AMAVET<\/div><div class=\"content-desc\">FVAT je celo\u0161t\u00e1tnou s\u00fa\u0165a\u017enou prehliadkou vedecko-technick\u00fdch projektov \u017eiakov z\u00e1kladn\u00fdch a stredn\u00fdch \u0161k\u00f4l, ktor\u00ed prezentuj\u00fa svoju b\u00e1date\u013esk\u00fa \u010dinnos\u0165 pomocou panelovej\/posterovej prezent\u00e1cie.<\/div><div class=\"content-button\"><a href=\"https:\/\/www.festivalvedy.sk\" target=\"_blank\" title=\"\">\u010c\u00edta\u0165 viac<\/a><\/div>\n<\/div>\n<\/div><\/div><div class=\"kc-elm kc-css-508740 kc_col-sm-4 kc_column kc_col-sm-4\"><div class=\"kc-col-container\"><div class=\"kc-elm kc-css-951139 kc-animated kc-animate-eff-fadeIn kc-feature-boxes kc-fb-layout-2\">\n\n\t<figure class=\"content-image\"><img decoding=\"async\" src=\"https:\/\/www.festivalvedy.sk\/wp2\/wp-content\/uploads\/2023\/08\/Artboard-140.png\" alt=\"\"><\/figure><div class=\"content-title\">Junior Internet<\/div><div class=\"content-desc\">S\u00fa\u0165a\u017en\u00e1 konferencia pre za\u010d\u00ednaj\u00facich webov\u00fdch program\u00e1torov, grafikov a dizajn\u00e9rov, program\u00e1torov mobiln\u00fdch aplik\u00e1ci\u00ed a blogerov, m\u00e1 za sebou u\u017e 12-ro\u010dn\u00fa hist\u00f3riu v oblasti informa\u010dn\u00fdch technol\u00f3gi\u00ed.<\/div><div class=\"content-button\"><a href=\"https:\/\/www.juniorinternet.sk\" target=\"_blank\" title=\"\">\u010c\u00edta\u0165 viac<\/a><\/div>\n<\/div>\n<\/div><\/div><div class=\"kc-elm kc-css-60979 kc_col-sm-4 kc_column kc_col-sm-4\"><div class=\"kc-col-container\"><div class=\"kc-elm kc-css-227967 kc-animated kc-animate-eff-fadeIn kc-feature-boxes kc-fb-layout-2\">\n\n\t<figure class=\"content-image\"><img decoding=\"async\" src=\"https:\/\/www.festivalvedy.sk\/wp2\/wp-content\/uploads\/2023\/08\/Artboard-135.png\" alt=\"\"><\/figure><div class=\"content-title\">Festival 4 \u017eivlov AMAVET<\/div><div class=\"content-desc\">Festival je prehliadka ved\u00e1torsk\u00fdch projektov \u017eiakov z\u00e1kladn\u00fdch \u0161k\u00f4l, ktor\u00ed prezentuj\u00fa projekt pomocou panelovej prezent\u00e1cie. Nosnou t\u00e9mou s\u00fa\u0165a\u017ee s\u00fa pr\u00edrodn\u00e9 \u017eivly Ohe\u0148 \u2013 Voda \u2013 Vzduch \u2013 Zem.<\/div><div class=\"content-button\"><a href=\"https:\/\/www.amavet.sk\/festival-styroch-zivlov\/\" target=\"_blank\" title=\"\">\u010c\u00edta\u0165 viac<\/a><\/div>\n<\/div>\n<\/div><\/div><\/div><\/div><\/section><section class=\"kc-elm kc-css-449138 kc_row\"><div class=\"kc-row-container  kc-container\"><div class=\"kc-wrap-columns\"><div class=\"kc-elm kc-css-258136 kc_col-sm-12 kc_column kc_col-sm-12\"><div class=\"kc-col-container\"><div class=\"kc-elm kc-css-141353\" style=\"height: 40px; clear: both; width:100%;\"><\/div><\/div><\/div><\/div><\/div><\/section><section class=\"kc-elm kc-css-245916 kc_row\"><div class=\"kc-row-container  kc-container\"><div class=\"kc-wrap-columns\"><div class=\"kc-elm kc-css-743055 kc_col-sm-4 kc_column kc_col-sm-4\"><div class=\"kc-col-container\"><div class=\"kc-elm kc-css-510398 kc-animated kc-animate-eff-fadeIn kc-feature-boxes kc-fb-layout-2\">\n\n\t<div class=\"content-title\">Cesty za vedou<\/div><div class=\"content-desc\">Projekt Cesty za vedou existuje u\u017e od po\u010diatkov AMAVET-u. Zo za\u010diatku sa sp\u00e1jal najm\u00e4 s turistikou. Po\u010das tohto dlh\u00e9ho obdobia si postupne vyprofiloval programy a ciele. V\u00fdsledkom n\u00e1\u0161ho sna\u017eenia je nieko\u013eko tis\u00edcov spokojn\u00fdch \u0161tudentov a pedag\u00f3gov, ktor\u00ed sa z\u00fa\u010dastnili aktiv\u00edt v r\u00e1mci tohto projektu.<\/div><div class=\"content-button\"><a href=\"https:\/\/www.amavet.sk\/cesty-za-vedou\/\" target=\"_self\" title=\"\">\u010c\u00edta\u0165 viac<\/a><\/div>\n<\/div>\n<\/div><\/div><div class=\"kc-elm kc-css-351372 kc_col-sm-4 kc_column kc_col-sm-4\"><div class=\"kc-col-container\"><div class=\"kc-elm kc-css-462244 kc-animated kc-animate-eff-fadeIn kc-feature-boxes kc-fb-layout-2\">\n\n\t<figure class=\"content-image\"><img decoding=\"async\" src=\"https:\/\/www.festivalvedy.sk\/wp2\/wp-content\/uploads\/2023\/08\/Artboard-127.png\" alt=\"\"><\/figure><div class=\"content-title\">RoboRave<\/div><div class=\"content-desc\">RoboRAVE International je najv\u00e4\u010d\u0161ia robotick\u00e1 s\u00fa\u0165a\u017e organizovan\u00e1 od roku 2001 v \u0161t\u00e1te Nov\u00e9 Mexiko, USA pre \u017eiakov vo veku od 9 do 19 rokov a ostatn\u00fdch fan\u00fa\u0161ikov robotiky.<\/div><div class=\"content-button\"><a href=\"https:\/\/www.amavet.sk\/roborave-amavet-roboticka-sutaz\/\" target=\"_self\" title=\"\">\u010c\u00edta\u0165 viac<\/a><\/div>\n<\/div>\n<\/div><\/div><div class=\"kc-elm kc-css-626070 kc_col-sm-4 kc_column kc_col-sm-4\"><div class=\"kc-col-container\"><div class=\"kc-elm kc-css-465564 kc-animated kc-animate-eff-fadeIn kc-feature-boxes kc-fb-layout-2\">\n\n\t<figure class=\"content-image\"><img decoding=\"async\" src=\"https:\/\/www.festivalvedy.sk\/wp2\/wp-content\/uploads\/2023\/08\/Artboard-136.png\" alt=\"\"><\/figure><div class=\"content-title\">Zvedav\u00ed vedci<\/div><div class=\"content-desc\">Zvedav\u00ed vedci s\u00fa letn\u00fdm hitom. Pobyt kempe Ba\u0161ko Polje v n\u00e1dhernom pr\u00edmorskom prostred\u00ed a odborn\u00fdm anima\u010dn\u00fdm programom pre deti a ml\u00e1de\u017e hravou formou podnecuje tvorivos\u0165 \u00fa\u010dastn\u00edkov.<\/div><div class=\"content-button\"><a href=\"https:\/\/zvedavivedci.sk\/\" target=\"_blank\" title=\"\">\u010c\u00edta\u0165 viac<\/a><\/div>\n<\/div>\n<\/div><\/div><\/div><\/div><\/section>","protected":false},"excerpt":{"rendered":"","protected":false},"author":1,"featured_media":0,"parent":0,"menu_order":0,"comment_status":"closed","ping_status":"closed","template":"","meta":{"om_disable_all_campaigns":false,"_monsterinsights_skip_tracking":false,"_monsterinsights_sitenote_active":false,"_monsterinsights_sitenote_note":"","_monsterinsights_sitenote_category":0,"_uf_show_specific_survey":0,"_uf_disable_surveys":false,"footnotes":""},"class_list":["post-28","page","type-page","status-publish","hentry"],"yoast_head":"<!-- This site is optimized with the Yoast SEO plugin v27.2 - https:\/\/yoast.com\/product\/yoast-seo-wordpress\/ -->\n<title>Organiz\u00e1tor AMAVET - Festival vedy a techniky AMAVET<\/title>\n<meta name=\"robots\" content=\"index, follow, max-snippet:-1, max-image-preview:large, max-video-preview:-1\" \/>\n<link rel=\"canonical\" href=\"https:\/\/www.festivalvedy.sk\/wp2\/amavet\/\" \/>\n<meta property=\"og:locale\" content=\"sk_SK\" \/>\n<meta property=\"og:type\" content=\"article\" \/>\n<meta property=\"og:title\" content=\"Organiz\u00e1tor AMAVET - Festival vedy a techniky AMAVET\" \/>\n<meta property=\"og:description\" content=\"Od roku 1990 p\u00f4sob\u00ed AMAVET &#8211; Asoci\u00e1cia pre ml\u00e1de\u017e, vedu a techniku na Slovensku ako ob\u010dianske zdru\u017eenie, ktor\u00e9 vytv\u00e1ra podmienky pre n\u00e1dejn\u00fdch mlad\u00fdch vedcov. Od vzniku vystupuje AMAVET ako akt\u00edvny \u010dlen medzin\u00e1rodnej organiz\u00e1cie pre ml\u00e1de\u017e, vedu a techniku vo vo\u013enom \u010dase MILSET. Od roku 1991 sa z\u00fa\u010dast\u0148uje svetovej prehliadky projektov ESI (Expo Sciences International).Od roku [&hellip;]\" \/>\n<meta property=\"og:url\" content=\"https:\/\/www.festivalvedy.sk\/wp2\/amavet\/\" \/>\n<meta property=\"og:site_name\" content=\"Festival vedy a techniky AMAVET\" \/>\n<meta property=\"article:modified_time\" content=\"2023-08-22T08:37:33+00:00\" \/>\n<meta property=\"og:image\" content=\"https:\/\/www.festivalvedy.sk\/wp2\/wp-content\/uploads\/2023\/08\/Hlavny_logotyp_modry-01.png\" \/>\n<meta name=\"twitter:card\" content=\"summary_large_image\" \/>\n<meta name=\"twitter:label1\" content=\"Predpokladan\u00fd \u010das \u010d\u00edtania\" \/>\n\t<meta name=\"twitter:data1\" content=\"2 min\u00faty\" \/>\n<script type=\"application\/ld+json\" class=\"yoast-schema-graph\">{\"@context\":\"https:\/\/schema.org\",\"@graph\":[{\"@type\":\"WebPage\",\"@id\":\"https:\/\/www.festivalvedy.sk\/wp2\/amavet\/\",\"url\":\"https:\/\/www.festivalvedy.sk\/wp2\/amavet\/\",\"name\":\"Organiz\u00e1tor AMAVET - Festival vedy a techniky AMAVET\",\"isPartOf\":{\"@id\":\"https:\/\/www.festivalvedy.sk\/wp2\/#website\"},\"primaryImageOfPage\":{\"@id\":\"https:\/\/www.festivalvedy.sk\/wp2\/amavet\/#primaryimage\"},\"image\":{\"@id\":\"https:\/\/www.festivalvedy.sk\/wp2\/amavet\/#primaryimage\"},\"thumbnailUrl\":\"https:\/\/www.festivalvedy.sk\/wp2\/wp-content\/uploads\/2023\/08\/Hlavny_logotyp_modry-01.png\",\"datePublished\":\"2019-09-13T19:16:30+00:00\",\"dateModified\":\"2023-08-22T08:37:33+00:00\",\"breadcrumb\":{\"@id\":\"https:\/\/www.festivalvedy.sk\/wp2\/amavet\/#breadcrumb\"},\"inLanguage\":\"sk-SK\",\"potentialAction\":[{\"@type\":\"ReadAction\",\"target\":[\"https:\/\/www.festivalvedy.sk\/wp2\/amavet\/\"]}]},{\"@type\":\"ImageObject\",\"inLanguage\":\"sk-SK\",\"@id\":\"https:\/\/www.festivalvedy.sk\/wp2\/amavet\/#primaryimage\",\"url\":\"https:\/\/www.festivalvedy.sk\/wp2\/wp-content\/uploads\/2023\/08\/Hlavny_logotyp_modry-01.png\",\"contentUrl\":\"https:\/\/www.festivalvedy.sk\/wp2\/wp-content\/uploads\/2023\/08\/Hlavny_logotyp_modry-01.png\",\"width\":3907,\"height\":652},{\"@type\":\"BreadcrumbList\",\"@id\":\"https:\/\/www.festivalvedy.sk\/wp2\/amavet\/#breadcrumb\",\"itemListElement\":[{\"@type\":\"ListItem\",\"position\":1,\"name\":\"Home\",\"item\":\"https:\/\/www.festivalvedy.sk\/wp2\/\"},{\"@type\":\"ListItem\",\"position\":2,\"name\":\"Organiz\u00e1tor AMAVET\"}]},{\"@type\":\"WebSite\",\"@id\":\"https:\/\/www.festivalvedy.sk\/wp2\/#website\",\"url\":\"https:\/\/www.festivalvedy.sk\/wp2\/\",\"name\":\"Festival vedy a techniky AMAVET\",\"description\":\"AMAVET - Asoci\u00e1cia pre ml\u00e1de\u017e, vedu a techniku\",\"publisher\":{\"@id\":\"https:\/\/www.festivalvedy.sk\/wp2\/#organization\"},\"potentialAction\":[{\"@type\":\"SearchAction\",\"target\":{\"@type\":\"EntryPoint\",\"urlTemplate\":\"https:\/\/www.festivalvedy.sk\/wp2\/?s={search_term_string}\"},\"query-input\":{\"@type\":\"PropertyValueSpecification\",\"valueRequired\":true,\"valueName\":\"search_term_string\"}}],\"inLanguage\":\"sk-SK\"},{\"@type\":\"Organization\",\"@id\":\"https:\/\/www.festivalvedy.sk\/wp2\/#organization\",\"name\":\"Festival vedy a techniky AMAVET\",\"url\":\"https:\/\/www.festivalvedy.sk\/wp2\/\",\"logo\":{\"@type\":\"ImageObject\",\"inLanguage\":\"sk-SK\",\"@id\":\"https:\/\/www.festivalvedy.sk\/wp2\/#\/schema\/logo\/image\/\",\"url\":\"https:\/\/www.festivalvedy.sk\/wp2\/wp-content\/uploads\/2022\/02\/cropped-fvat-ochranna-zona.png\",\"contentUrl\":\"https:\/\/www.festivalvedy.sk\/wp2\/wp-content\/uploads\/2022\/02\/cropped-fvat-ochranna-zona.png\",\"width\":1190,\"height\":357,\"caption\":\"Festival vedy a techniky AMAVET\"},\"image\":{\"@id\":\"https:\/\/www.festivalvedy.sk\/wp2\/#\/schema\/logo\/image\/\"}}]}<\/script>\n<!-- \/ Yoast SEO plugin. -->","yoast_head_json":{"title":"Organiz\u00e1tor AMAVET - Festival vedy a techniky AMAVET","robots":{"index":"index","follow":"follow","max-snippet":"max-snippet:-1","max-image-preview":"max-image-preview:large","max-video-preview":"max-video-preview:-1"},"canonical":"https:\/\/www.festivalvedy.sk\/wp2\/amavet\/","og_locale":"sk_SK","og_type":"article","og_title":"Organiz\u00e1tor AMAVET - Festival vedy a techniky AMAVET","og_description":"Od roku 1990 p\u00f4sob\u00ed AMAVET &#8211; Asoci\u00e1cia pre ml\u00e1de\u017e, vedu a techniku na Slovensku ako ob\u010dianske zdru\u017eenie, ktor\u00e9 vytv\u00e1ra podmienky pre n\u00e1dejn\u00fdch mlad\u00fdch vedcov. Od vzniku vystupuje AMAVET ako akt\u00edvny \u010dlen medzin\u00e1rodnej organiz\u00e1cie pre ml\u00e1de\u017e, vedu a techniku vo vo\u013enom \u010dase MILSET. Od roku 1991 sa z\u00fa\u010dast\u0148uje svetovej prehliadky projektov ESI (Expo Sciences International).Od roku [&hellip;]","og_url":"https:\/\/www.festivalvedy.sk\/wp2\/amavet\/","og_site_name":"Festival vedy a techniky AMAVET","article_modified_time":"2023-08-22T08:37:33+00:00","og_image":[{"url":"https:\/\/www.festivalvedy.sk\/wp2\/wp-content\/uploads\/2023\/08\/Hlavny_logotyp_modry-01.png","type":"","width":"","height":""}],"twitter_card":"summary_large_image","twitter_misc":{"Predpokladan\u00fd \u010das \u010d\u00edtania":"2 min\u00faty"},"schema":{"@context":"https:\/\/schema.org","@graph":[{"@type":"WebPage","@id":"https:\/\/www.festivalvedy.sk\/wp2\/amavet\/","url":"https:\/\/www.festivalvedy.sk\/wp2\/amavet\/","name":"Organiz\u00e1tor AMAVET - Festival vedy a techniky AMAVET","isPartOf":{"@id":"https:\/\/www.festivalvedy.sk\/wp2\/#website"},"primaryImageOfPage":{"@id":"https:\/\/www.festivalvedy.sk\/wp2\/amavet\/#primaryimage"},"image":{"@id":"https:\/\/www.festivalvedy.sk\/wp2\/amavet\/#primaryimage"},"thumbnailUrl":"https:\/\/www.festivalvedy.sk\/wp2\/wp-content\/uploads\/2023\/08\/Hlavny_logotyp_modry-01.png","datePublished":"2019-09-13T19:16:30+00:00","dateModified":"2023-08-22T08:37:33+00:00","breadcrumb":{"@id":"https:\/\/www.festivalvedy.sk\/wp2\/amavet\/#breadcrumb"},"inLanguage":"sk-SK","potentialAction":[{"@type":"ReadAction","target":["https:\/\/www.festivalvedy.sk\/wp2\/amavet\/"]}]},{"@type":"ImageObject","inLanguage":"sk-SK","@id":"https:\/\/www.festivalvedy.sk\/wp2\/amavet\/#primaryimage","url":"https:\/\/www.festivalvedy.sk\/wp2\/wp-content\/uploads\/2023\/08\/Hlavny_logotyp_modry-01.png","contentUrl":"https:\/\/www.festivalvedy.sk\/wp2\/wp-content\/uploads\/2023\/08\/Hlavny_logotyp_modry-01.png","width":3907,"height":652},{"@type":"BreadcrumbList","@id":"https:\/\/www.festivalvedy.sk\/wp2\/amavet\/#breadcrumb","itemListElement":[{"@type":"ListItem","position":1,"name":"Home","item":"https:\/\/www.festivalvedy.sk\/wp2\/"},{"@type":"ListItem","position":2,"name":"Organiz\u00e1tor AMAVET"}]},{"@type":"WebSite","@id":"https:\/\/www.festivalvedy.sk\/wp2\/#website","url":"https:\/\/www.festivalvedy.sk\/wp2\/","name":"Festival vedy a techniky AMAVET","description":"AMAVET - Asoci\u00e1cia pre ml\u00e1de\u017e, vedu a techniku","publisher":{"@id":"https:\/\/www.festivalvedy.sk\/wp2\/#organization"},"potentialAction":[{"@type":"SearchAction","target":{"@type":"EntryPoint","urlTemplate":"https:\/\/www.festivalvedy.sk\/wp2\/?s={search_term_string}"},"query-input":{"@type":"PropertyValueSpecification","valueRequired":true,"valueName":"search_term_string"}}],"inLanguage":"sk-SK"},{"@type":"Organization","@id":"https:\/\/www.festivalvedy.sk\/wp2\/#organization","name":"Festival vedy a techniky AMAVET","url":"https:\/\/www.festivalvedy.sk\/wp2\/","logo":{"@type":"ImageObject","inLanguage":"sk-SK","@id":"https:\/\/www.festivalvedy.sk\/wp2\/#\/schema\/logo\/image\/","url":"https:\/\/www.festivalvedy.sk\/wp2\/wp-content\/uploads\/2022\/02\/cropped-fvat-ochranna-zona.png","contentUrl":"https:\/\/www.festivalvedy.sk\/wp2\/wp-content\/uploads\/2022\/02\/cropped-fvat-ochranna-zona.png","width":1190,"height":357,"caption":"Festival vedy a techniky AMAVET"},"image":{"@id":"https:\/\/www.festivalvedy.sk\/wp2\/#\/schema\/logo\/image\/"}}]}},"_links":{"self":[{"href":"https:\/\/www.festivalvedy.sk\/wp2\/wp-json\/wp\/v2\/pages\/28","targetHints":{"allow":["GET"]}}],"collection":[{"href":"https:\/\/www.festivalvedy.sk\/wp2\/wp-json\/wp\/v2\/pages"}],"about":[{"href":"https:\/\/www.festivalvedy.sk\/wp2\/wp-json\/wp\/v2\/types\/page"}],"author":[{"embeddable":true,"href":"https:\/\/www.festivalvedy.sk\/wp2\/wp-json\/wp\/v2\/users\/1"}],"replies":[{"embeddable":true,"href":"https:\/\/www.festivalvedy.sk\/wp2\/wp-json\/wp\/v2\/comments?post=28"}],"version-history":[{"count":7,"href":"https:\/\/www.festivalvedy.sk\/wp2\/wp-json\/wp\/v2\/pages\/28\/revisions"}],"predecessor-version":[{"id":3915,"href":"https:\/\/www.festivalvedy.sk\/wp2\/wp-json\/wp\/v2\/pages\/28\/revisions\/3915"}],"wp:attachment":[{"href":"https:\/\/www.festivalvedy.sk\/wp2\/wp-json\/wp\/v2\/media?parent=28"}],"curies":[{"name":"wp","href":"https:\/\/api.w.org\/{rel}","templated":true}]}}