{"id":3186,"date":"2022-08-22T10:12:33","date_gmt":"2022-08-22T08:12:33","guid":{"rendered":"https:\/\/www.festivalvedy.sk\/wp2\/?page_id=3186"},"modified":"2025-07-08T10:10:57","modified_gmt":"2025-07-08T08:10:57","slug":"registracia-projektu","status":"publish","type":"page","link":"https:\/\/www.festivalvedy.sk\/wp2\/registracia-projektu\/","title":{"rendered":"Registr\u00e1cia projektu (do 30.9.2025 vr\u00e1tane)"},"content":{"rendered":"<section class=\"kc-elm kc-css-521473 kc_row\"><div class=\"kc-row-container  kc-container\"><div class=\"kc-wrap-columns\"><div class=\"kc-elm kc-css-973272 kc_col-sm-12 kc_column kc_col-sm-12\"><div class=\"kc-col-container\"><div class=\"kc-elm kc-css-692432 kc_text_block\"><\/p>\n<p>\n<\/div><div class=\"kc-elm kc-css-961235 kc-raw-code\"><\/div><\/div><\/div><\/div><\/div><\/section>\n","protected":false},"excerpt":{"rendered":"","protected":false},"author":1,"featured_media":0,"parent":0,"menu_order":0,"comment_status":"closed","ping_status":"closed","template":"","meta":{"om_disable_all_campaigns":false,"_monsterinsights_skip_tracking":false,"_monsterinsights_sitenote_active":false,"_monsterinsights_sitenote_note":"","_monsterinsights_sitenote_category":0,"_uf_show_specific_survey":0,"_uf_disable_surveys":false,"footnotes":""},"class_list":["post-3186","page","type-page","status-publish","hentry"],"yoast_head":"<!-- This site is optimized with the Yoast SEO plugin v27.2 - https:\/\/yoast.com\/product\/yoast-seo-wordpress\/ -->\n<title>Registr\u00e1cia projektu (do 30.9.2025 vr\u00e1tane) - Festival vedy a techniky AMAVET<\/title>\n<meta name=\"robots\" content=\"index, follow, max-snippet:-1, max-image-preview:large, max-video-preview:-1\" \/>\n<link rel=\"canonical\" href=\"https:\/\/www.festivalvedy.sk\/wp2\/registracia-projektu\/\" \/>\n<meta property=\"og:locale\" content=\"sk_SK\" \/>\n<meta property=\"og:type\" content=\"article\" \/>\n<meta property=\"og:title\" content=\"Registr\u00e1cia projektu (do 30.9.2025 vr\u00e1tane) - Festival vedy a techniky AMAVET\" \/>\n<meta property=\"og:description\" content=\"Registr\u00e1cia projektu (1) &quot;(Povinn\u00e9)&quot; ozna\u010duje povinn\u00e9 polia Kraj(Povinn\u00e9) Bratislavsk\u00fd a Trnavsk\u00fdNitrianskyTren\u010diansky\u017dilinsk\u00fdBanskobystrick\u00fdKo\u0161ick\u00fd a Pre\u0161ovsk\u00fd \u00dadaje prv\u00e9ho autora projektu Meno(Povinn\u00e9) Priezvisko(Povinn\u00e9) E-mail(Povinn\u00e9) Zadajte e-mail Znovu zadajte e-mail Mobil na autora(Povinn\u00e9) V tvare 00421905123456 D\u00e1tum narodenia(Povinn\u00e9) MM lomeno DD lomeno RRRR Adresa bydliska(Povinn\u00e9) Ulica a \u010d\u00edslo Mesto PS\u010c Ro\u010dn\u00edk(Povinn\u00e9) 05. ro\u010dn\u00edk Z\u016006. ro\u010dn\u00edk Z\u0160\/Prima07. ro\u010dn\u00edk Z\u0160\/Sekunda08. ro\u010dn\u00edk Z\u0160\/Tercia09. [&hellip;]\" \/>\n<meta property=\"og:url\" content=\"https:\/\/www.festivalvedy.sk\/wp2\/registracia-projektu\/\" \/>\n<meta property=\"og:site_name\" content=\"Festival vedy a techniky AMAVET\" \/>\n<meta property=\"article:modified_time\" content=\"2025-07-08T08:10:57+00:00\" \/>\n<meta name=\"twitter:card\" content=\"summary_large_image\" \/>\n<meta name=\"twitter:label1\" content=\"Predpokladan\u00fd \u010das \u010d\u00edtania\" \/>\n\t<meta name=\"twitter:data1\" content=\"1 min\u00fata\" \/>\n<script type=\"application\/ld+json\" class=\"yoast-schema-graph\">{\"@context\":\"https:\/\/schema.org\",\"@graph\":[{\"@type\":\"WebPage\",\"@id\":\"https:\/\/www.festivalvedy.sk\/wp2\/registracia-projektu\/\",\"url\":\"https:\/\/www.festivalvedy.sk\/wp2\/registracia-projektu\/\",\"name\":\"Registr\u00e1cia projektu (do 30.9.2025 vr\u00e1tane) - Festival vedy a techniky AMAVET\",\"isPartOf\":{\"@id\":\"https:\/\/www.festivalvedy.sk\/wp2\/#website\"},\"datePublished\":\"2022-08-22T08:12:33+00:00\",\"dateModified\":\"2025-07-08T08:10:57+00:00\",\"breadcrumb\":{\"@id\":\"https:\/\/www.festivalvedy.sk\/wp2\/registracia-projektu\/#breadcrumb\"},\"inLanguage\":\"sk-SK\",\"potentialAction\":[{\"@type\":\"ReadAction\",\"target\":[\"https:\/\/www.festivalvedy.sk\/wp2\/registracia-projektu\/\"]}]},{\"@type\":\"BreadcrumbList\",\"@id\":\"https:\/\/www.festivalvedy.sk\/wp2\/registracia-projektu\/#breadcrumb\",\"itemListElement\":[{\"@type\":\"ListItem\",\"position\":1,\"name\":\"Home\",\"item\":\"https:\/\/www.festivalvedy.sk\/wp2\/\"},{\"@type\":\"ListItem\",\"position\":2,\"name\":\"Registr\u00e1cia projektu (do 30.9.2025 vr\u00e1tane)\"}]},{\"@type\":\"WebSite\",\"@id\":\"https:\/\/www.festivalvedy.sk\/wp2\/#website\",\"url\":\"https:\/\/www.festivalvedy.sk\/wp2\/\",\"name\":\"Festival vedy a techniky AMAVET\",\"description\":\"AMAVET - Asoci\u00e1cia pre ml\u00e1de\u017e, vedu a techniku\",\"publisher\":{\"@id\":\"https:\/\/www.festivalvedy.sk\/wp2\/#organization\"},\"potentialAction\":[{\"@type\":\"SearchAction\",\"target\":{\"@type\":\"EntryPoint\",\"urlTemplate\":\"https:\/\/www.festivalvedy.sk\/wp2\/?s={search_term_string}\"},\"query-input\":{\"@type\":\"PropertyValueSpecification\",\"valueRequired\":true,\"valueName\":\"search_term_string\"}}],\"inLanguage\":\"sk-SK\"},{\"@type\":\"Organization\",\"@id\":\"https:\/\/www.festivalvedy.sk\/wp2\/#organization\",\"name\":\"Festival vedy a techniky AMAVET\",\"url\":\"https:\/\/www.festivalvedy.sk\/wp2\/\",\"logo\":{\"@type\":\"ImageObject\",\"inLanguage\":\"sk-SK\",\"@id\":\"https:\/\/www.festivalvedy.sk\/wp2\/#\/schema\/logo\/image\/\",\"url\":\"https:\/\/www.festivalvedy.sk\/wp2\/wp-content\/uploads\/2022\/02\/cropped-fvat-ochranna-zona.png\",\"contentUrl\":\"https:\/\/www.festivalvedy.sk\/wp2\/wp-content\/uploads\/2022\/02\/cropped-fvat-ochranna-zona.png\",\"width\":1190,\"height\":357,\"caption\":\"Festival vedy a techniky AMAVET\"},\"image\":{\"@id\":\"https:\/\/www.festivalvedy.sk\/wp2\/#\/schema\/logo\/image\/\"}}]}<\/script>\n<!-- \/ Yoast SEO plugin. -->","yoast_head_json":{"title":"Registr\u00e1cia projektu (do 30.9.2025 vr\u00e1tane) - Festival vedy a techniky AMAVET","robots":{"index":"index","follow":"follow","max-snippet":"max-snippet:-1","max-image-preview":"max-image-preview:large","max-video-preview":"max-video-preview:-1"},"canonical":"https:\/\/www.festivalvedy.sk\/wp2\/registracia-projektu\/","og_locale":"sk_SK","og_type":"article","og_title":"Registr\u00e1cia projektu (do 30.9.2025 vr\u00e1tane) - Festival vedy a techniky AMAVET","og_description":"Registr\u00e1cia projektu (1) &quot;(Povinn\u00e9)&quot; ozna\u010duje povinn\u00e9 polia Kraj(Povinn\u00e9) Bratislavsk\u00fd a Trnavsk\u00fdNitrianskyTren\u010diansky\u017dilinsk\u00fdBanskobystrick\u00fdKo\u0161ick\u00fd a Pre\u0161ovsk\u00fd \u00dadaje prv\u00e9ho autora projektu Meno(Povinn\u00e9) Priezvisko(Povinn\u00e9) E-mail(Povinn\u00e9) Zadajte e-mail Znovu zadajte e-mail Mobil na autora(Povinn\u00e9) V tvare 00421905123456 D\u00e1tum narodenia(Povinn\u00e9) MM lomeno DD lomeno RRRR Adresa bydliska(Povinn\u00e9) Ulica a \u010d\u00edslo Mesto PS\u010c Ro\u010dn\u00edk(Povinn\u00e9) 05. ro\u010dn\u00edk Z\u016006. ro\u010dn\u00edk Z\u0160\/Prima07. ro\u010dn\u00edk Z\u0160\/Sekunda08. ro\u010dn\u00edk Z\u0160\/Tercia09. [&hellip;]","og_url":"https:\/\/www.festivalvedy.sk\/wp2\/registracia-projektu\/","og_site_name":"Festival vedy a techniky AMAVET","article_modified_time":"2025-07-08T08:10:57+00:00","twitter_card":"summary_large_image","twitter_misc":{"Predpokladan\u00fd \u010das \u010d\u00edtania":"1 min\u00fata"},"schema":{"@context":"https:\/\/schema.org","@graph":[{"@type":"WebPage","@id":"https:\/\/www.festivalvedy.sk\/wp2\/registracia-projektu\/","url":"https:\/\/www.festivalvedy.sk\/wp2\/registracia-projektu\/","name":"Registr\u00e1cia projektu (do 30.9.2025 vr\u00e1tane) - Festival vedy a techniky AMAVET","isPartOf":{"@id":"https:\/\/www.festivalvedy.sk\/wp2\/#website"},"datePublished":"2022-08-22T08:12:33+00:00","dateModified":"2025-07-08T08:10:57+00:00","breadcrumb":{"@id":"https:\/\/www.festivalvedy.sk\/wp2\/registracia-projektu\/#breadcrumb"},"inLanguage":"sk-SK","potentialAction":[{"@type":"ReadAction","target":["https:\/\/www.festivalvedy.sk\/wp2\/registracia-projektu\/"]}]},{"@type":"BreadcrumbList","@id":"https:\/\/www.festivalvedy.sk\/wp2\/registracia-projektu\/#breadcrumb","itemListElement":[{"@type":"ListItem","position":1,"name":"Home","item":"https:\/\/www.festivalvedy.sk\/wp2\/"},{"@type":"ListItem","position":2,"name":"Registr\u00e1cia projektu (do 30.9.2025 vr\u00e1tane)"}]},{"@type":"WebSite","@id":"https:\/\/www.festivalvedy.sk\/wp2\/#website","url":"https:\/\/www.festivalvedy.sk\/wp2\/","name":"Festival vedy a techniky AMAVET","description":"AMAVET - Asoci\u00e1cia pre ml\u00e1de\u017e, vedu a techniku","publisher":{"@id":"https:\/\/www.festivalvedy.sk\/wp2\/#organization"},"potentialAction":[{"@type":"SearchAction","target":{"@type":"EntryPoint","urlTemplate":"https:\/\/www.festivalvedy.sk\/wp2\/?s={search_term_string}"},"query-input":{"@type":"PropertyValueSpecification","valueRequired":true,"valueName":"search_term_string"}}],"inLanguage":"sk-SK"},{"@type":"Organization","@id":"https:\/\/www.festivalvedy.sk\/wp2\/#organization","name":"Festival vedy a techniky AMAVET","url":"https:\/\/www.festivalvedy.sk\/wp2\/","logo":{"@type":"ImageObject","inLanguage":"sk-SK","@id":"https:\/\/www.festivalvedy.sk\/wp2\/#\/schema\/logo\/image\/","url":"https:\/\/www.festivalvedy.sk\/wp2\/wp-content\/uploads\/2022\/02\/cropped-fvat-ochranna-zona.png","contentUrl":"https:\/\/www.festivalvedy.sk\/wp2\/wp-content\/uploads\/2022\/02\/cropped-fvat-ochranna-zona.png","width":1190,"height":357,"caption":"Festival vedy a techniky AMAVET"},"image":{"@id":"https:\/\/www.festivalvedy.sk\/wp2\/#\/schema\/logo\/image\/"}}]}},"_links":{"self":[{"href":"https:\/\/www.festivalvedy.sk\/wp2\/wp-json\/wp\/v2\/pages\/3186","targetHints":{"allow":["GET"]}}],"collection":[{"href":"https:\/\/www.festivalvedy.sk\/wp2\/wp-json\/wp\/v2\/pages"}],"about":[{"href":"https:\/\/www.festivalvedy.sk\/wp2\/wp-json\/wp\/v2\/types\/page"}],"author":[{"embeddable":true,"href":"https:\/\/www.festivalvedy.sk\/wp2\/wp-json\/wp\/v2\/users\/1"}],"replies":[{"embeddable":true,"href":"https:\/\/www.festivalvedy.sk\/wp2\/wp-json\/wp\/v2\/comments?post=3186"}],"version-history":[{"count":6,"href":"https:\/\/www.festivalvedy.sk\/wp2\/wp-json\/wp\/v2\/pages\/3186\/revisions"}],"predecessor-version":[{"id":5102,"href":"https:\/\/www.festivalvedy.sk\/wp2\/wp-json\/wp\/v2\/pages\/3186\/revisions\/5102"}],"wp:attachment":[{"href":"https:\/\/www.festivalvedy.sk\/wp2\/wp-json\/wp\/v2\/media?parent=3186"}],"curies":[{"name":"wp","href":"https:\/\/api.w.org\/{rel}","templated":true}]}}

Registrácia projektu (do 30.9.2025 vrátane)

<!-- This site is optimized with the Yoast SEO plugin v27.2 - https://yoast.com/product/yoast-seo-wordpress/ -->
<title>Registrácia projektu (do 30.9.2025 vrátane) - Festival vedy a techniky AMAVET</title>
<meta name="robots" content="index, follow, max-snippet:-1, max-image-preview:large, max-video-preview:-1" />
<link rel="canonical" href="https://www.festivalvedy.sk/wp2/registracia-projektu/" />
<meta property="og:locale" content="sk_SK" />
<meta property="og:type" content="article" />
<meta property="og:title" content="Registrácia projektu (do 30.9.2025 vrátane) - Festival vedy a techniky AMAVET" />
<meta property="og:description" content="Registrácia projektu (1) &quot;(Povinné)&quot; označuje povinné polia Kraj(Povinné) Bratislavský a TrnavskýNitrianskyTrenčianskyŽilinskýBanskobystrickýKošický a Prešovský Údaje prvého autora projektu Meno(Povinné) Priezvisko(Povinné) E-mail(Povinné) Zadajte e-mail Znovu zadajte e-mail Mobil na autora(Povinné) V tvare 00421905123456 Dátum narodenia(Povinné) MM lomeno DD lomeno RRRR Adresa bydliska(Povinné) Ulica a číslo Mesto PSČ Ročník(Povinné) 05. ročník ZŠ06. ročník ZŠ/Prima07. ročník ZŠ/Sekunda08. ročník ZŠ/Tercia09. [&hellip;]" />
<meta property="og:url" content="https://www.festivalvedy.sk/wp2/registracia-projektu/" />
<meta property="og:site_name" content="Festival vedy a techniky AMAVET" />
<meta property="article:modified_time" content="2025-07-08T08:10:57+00:00" />
<meta name="twitter:card" content="summary_large_image" />
<meta name="twitter:label1" content="Predpokladaný čas čítania" />
	<meta name="twitter:data1" content="1 minúta" />
<script type="application/ld+json" class="yoast-schema-graph">{"@context":"https://schema.org","@graph":[{"@type":"WebPage","@id":"https://www.festivalvedy.sk/wp2/registracia-projektu/","url":"https://www.festivalvedy.sk/wp2/registracia-projektu/","name":"Registrácia projektu (do 30.9.2025 vrátane) - Festival vedy a techniky AMAVET","isPartOf":{"@id":"https://www.festivalvedy.sk/wp2/#website"},"datePublished":"2022-08-22T08:12:33+00:00","dateModified":"2025-07-08T08:10:57+00:00","breadcrumb":{"@id":"https://www.festivalvedy.sk/wp2/registracia-projektu/#breadcrumb"},"inLanguage":"sk-SK","potentialAction":[{"@type":"ReadAction","target":["https://www.festivalvedy.sk/wp2/registracia-projektu/"]}]},{"@type":"BreadcrumbList","@id":"https://www.festivalvedy.sk/wp2/registracia-projektu/#breadcrumb","itemListElement":[{"@type":"ListItem","position":1,"name":"Home","item":"https://www.festivalvedy.sk/wp2/"},{"@type":"ListItem","position":2,"name":"Registrácia projektu (do 30.9.2025 vrátane)"}]},{"@type":"WebSite","@id":"https://www.festivalvedy.sk/wp2/#website","url":"https://www.festivalvedy.sk/wp2/","name":"Festival vedy a techniky AMAVET","description":"AMAVET - Asociácia pre mládež, vedu a techniku","publisher":{"@id":"https://www.festivalvedy.sk/wp2/#organization"},"potentialAction":[{"@type":"SearchAction","target":{"@type":"EntryPoint","urlTemplate":"https://www.festivalvedy.sk/wp2/?s={search_term_string}"},"query-input":{"@type":"PropertyValueSpecification","valueRequired":true,"valueName":"search_term_string"}}],"inLanguage":"sk-SK"},{"@type":"Organization","@id":"https://www.festivalvedy.sk/wp2/#organization","name":"Festival vedy a techniky AMAVET","url":"https://www.festivalvedy.sk/wp2/","logo":{"@type":"ImageObject","inLanguage":"sk-SK","@id":"https://www.festivalvedy.sk/wp2/#/schema/logo/image/","url":"https://www.festivalvedy.sk/wp2/wp-content/uploads/2022/02/cropped-fvat-ochranna-zona.png","contentUrl":"https://www.festivalvedy.sk/wp2/wp-content/uploads/2022/02/cropped-fvat-ochranna-zona.png","width":1190,"height":357,"caption":"Festival vedy a techniky AMAVET"},"image":{"@id":"https://www.festivalvedy.sk/wp2/#/schema/logo/image/"}}]}</script>
<!-- / Yoast SEO plugin. -->

Registrácia projektu (do 30.9.2025 vrátane) - Festival vedy a techniky AMAVET

Registrácia projektu (1) &quot;(Povinné)&quot; označuje povinné polia Kraj(Povinné) Bratislavský a TrnavskýNitrianskyTrenčianskyŽilinskýBanskobystrickýKošický a Prešovský Údaje prvého autora projektu Meno(Povinné) Priezvisko(Povinné) E-mail(Povinné) Zadajte e-mail Znovu zadajte e-mail Mobil na autora(Povinné) V tvare 00421905123456 Dátum narodenia(Povinné) MM lomeno DD lomeno RRRR Adresa bydliska(Povinné) Ulica a číslo Mesto PSČ Ročník(Povinné) 05. ročník ZŠ06. ročník ZŠ/Prima07. ročník ZŠ/Sekunda08. ročník ZŠ/Tercia09. [&hellip;]

1 minúta

AMAVET - Asociácia pre mládež, vedu a techniku
