{"id":69,"date":"2019-09-14T19:16:16","date_gmt":"2019-09-14T17:16:16","guid":{"rendered":"https:\/\/www.festivalvedy.sk\/wp2\/?page_id=69"},"modified":"2025-07-18T09:38:05","modified_gmt":"2025-07-18T07:38:05","slug":"bratislavsky-a-trnavsky-kraj","status":"publish","type":"page","link":"https:\/\/www.festivalvedy.sk\/wp2\/bratislavsky-a-trnavsky-kraj\/","title":{"rendered":"Bratislavsk\u00fd a Trnavsk\u00fd kraj"},"content":{"rendered":"<section class=\"kc-elm kc-css-976221 kc_row\"><div class=\"kc-row-container  kc-container\"><div class=\"kc-wrap-columns\"><div class=\"kc-elm kc-css-937209 kc_col-sm-12 kc_column kc_col-sm-12\"><div class=\"kc-col-container\"><div class=\"kc-elm kc-css-240219 kc_text_block\"><div>\u00a0\u00a0\u00a0\u00a0\u00a0\u00a0\u00a0\u00a0\u00a0\u00a0\u00a0\u00a0\u00a0\u00a0\u00a0\u00a0\u00a0\u00a0\u00a0\u00a0\u00a0\u00a0\u00a0 <img loading=\"lazy\" decoding=\"async\" class=\"alignnone \" src=\"https:\/\/www.festivalvedy.sk\/wp2\/wp-content\/uploads\/2025\/07\/BA-KKFVAT-\u2013.jpg\" alt=\"\" width=\"243\" height=\"344\" \/><\/div>\n<div>\u00a0<\/div>\n<div>D\u00e1tum a miesto konania (prezen\u010dne): 10.10.2025, Z\u00e1\u017eitkov\u00e9 centrum vedy Aurelium, Bojnick\u00e1 3, Bratislava<\/div>\n<div>Prihlasovanie do 30.9.2025 (vr\u00e1tane).<\/div>\n<p><!-- \/wp:post-content --><\/p>\n<p><!-- wp:paragraph --><\/p>\n<p><span style=\"font-style: inherit; font-weight: 600;\">Program<\/span><\/p>\n<p>09:00 \u2013 09.30 registr\u00e1cia a in\u0161tal\u00e1cia projektov<br \/>09.30 \u2013 09.40 otvorenie podujatia<br \/>09.40 \u2013 11.30 prezent\u00e1cia a hodnotenie projektov<br \/>12.00 \u2013 12.30 obed <br \/>13.00 \u2013 13:30 vyhodnotenie<\/p>\n<p><span style=\"font-weight: 600; font-style: inherit;\">Koordin\u00e1tor krajsk\u00e9ho kola<\/span><\/p>\n<p>Barbora C\u00edchov\u00e1, 0948 345 177, cichova[zavinac]amavet.sk<\/p>\n<p><span style=\"font-weight: 600;\">Hodnotiaca komisia<\/span><\/p>\n<p style=\"text-align: left;\">RNDr. Jana Lomenov\u00e1, PhD. &#8211; Centrum experiment\u00e1lnej medic\u00edny SAV<\/p>\n<p style=\"text-align: left;\">Ing. Anna Krav\u00e1rov\u00e1 -Vzdel\u00e1vacia platforma \u0160prt.sk<\/p>\n<p style=\"text-align: left;\">RNDr. Michal Zaja\u010dek, PhD. \u2013 \u00dastav teoretickej fyziky a astrofyziky, Pr\u00edrodovedeck\u00e1 fakulta, Masarykova univerzita<\/p>\n<p style=\"text-align: left;\">Mgr. Luk\u00e1\u0161 Proch\u00e1ska, PhD. \u2013 AMAVET\u00a0<\/p>\n<p style=\"text-align: left;\">Mgr. Dominika Petr\u00edkov\u00e1 &#8211; Ved\u00faca centra vedy<\/p>\n<p><!-- \/wp:paragraph --><\/p>\n<p><!-- wp:paragraph --><\/p>\n<p><strong>Partneri podujatia<\/strong><\/p>\n<p><img loading=\"lazy\" decoding=\"async\" class=\"alignnone \" src=\"https:\/\/www.festivalvedy.sk\/wp2\/wp-content\/uploads\/2024\/07\/Logo-partneri-na-web.jpg\" alt=\"\" width=\"218\" height=\"115\" \/><\/p>\n<p><!-- \/wp:paragraph --><\/p>\n<p><!-- wp:image --><\/p>\n<figure class=\"wp-block-image\"><\/figure>\n<p><!-- \/wp:image --><\/p>\n<\/div>\n<div class=\"kc-elm kc-css-358473\">\n\t<a class=\"kc_button\" href=\"https:\/\/www.festivalvedy.sk\/wp2\/registracia-projektu\/\" target=\"_self\" title=\"\" onclick=\"\">\n\t\tPrihl\u00e1si\u0165 projekt\t<\/a>\n<\/div>\n<\/div><\/div><\/div><\/div><\/section>","protected":false},"excerpt":{"rendered":"","protected":false},"author":1,"featured_media":0,"parent":0,"menu_order":0,"comment_status":"closed","ping_status":"closed","template":"","meta":{"om_disable_all_campaigns":false,"_monsterinsights_skip_tracking":false,"_monsterinsights_sitenote_active":false,"_monsterinsights_sitenote_note":"","_monsterinsights_sitenote_category":0,"_uf_show_specific_survey":0,"_uf_disable_surveys":false,"footnotes":""},"class_list":["post-69","page","type-page","status-publish","hentry"],"yoast_head":"<!-- This site is optimized with the Yoast SEO plugin v27.2 - https:\/\/yoast.com\/product\/yoast-seo-wordpress\/ -->\n<title>Bratislavsk\u00fd a Trnavsk\u00fd kraj - Festival vedy a techniky AMAVET<\/title>\n<meta name=\"robots\" content=\"index, follow, max-snippet:-1, max-image-preview:large, max-video-preview:-1\" \/>\n<link rel=\"canonical\" href=\"https:\/\/www.festivalvedy.sk\/wp2\/bratislavsky-a-trnavsky-kraj\/\" \/>\n<meta property=\"og:locale\" content=\"sk_SK\" \/>\n<meta property=\"og:type\" content=\"article\" \/>\n<meta property=\"og:title\" content=\"Bratislavsk\u00fd a Trnavsk\u00fd kraj - Festival vedy a techniky AMAVET\" \/>\n<meta property=\"og:description\" content=\"\u00a0\u00a0\u00a0\u00a0\u00a0\u00a0\u00a0\u00a0\u00a0\u00a0\u00a0\u00a0\u00a0\u00a0\u00a0\u00a0\u00a0\u00a0\u00a0\u00a0\u00a0\u00a0\u00a0 \u00a0 D\u00e1tum a miesto konania (prezen\u010dne): 10.10.2025, Z\u00e1\u017eitkov\u00e9 centrum vedy Aurelium, Bojnick\u00e1 3, Bratislava Prihlasovanie do 30.9.2025 (vr\u00e1tane). Program 09:00 \u2013 09.30 registr\u00e1cia a in\u0161tal\u00e1cia projektov09.30 \u2013 09.40 otvorenie podujatia09.40 \u2013 11.30 prezent\u00e1cia a hodnotenie projektov12.00 \u2013 12.30 obed 13.00 \u2013 13:30 vyhodnotenie Koordin\u00e1tor krajsk\u00e9ho kola Barbora C\u00edchov\u00e1, 0948 345 177, cichova[zavinac]amavet.sk Hodnotiaca komisia [&hellip;]\" \/>\n<meta property=\"og:url\" content=\"https:\/\/www.festivalvedy.sk\/wp2\/bratislavsky-a-trnavsky-kraj\/\" \/>\n<meta property=\"og:site_name\" content=\"Festival vedy a techniky AMAVET\" \/>\n<meta property=\"article:modified_time\" content=\"2025-07-18T07:38:05+00:00\" \/>\n<meta property=\"og:image\" content=\"https:\/\/www.festivalvedy.sk\/wp2\/wp-content\/uploads\/2024\/07\/Logo-partneri-na-web.jpg\" \/>\n<meta name=\"twitter:card\" content=\"summary_large_image\" \/>\n<meta name=\"twitter:label1\" content=\"Predpokladan\u00fd \u010das \u010d\u00edtania\" \/>\n\t<meta name=\"twitter:data1\" content=\"1 min\u00fata\" \/>\n<script type=\"application\/ld+json\" class=\"yoast-schema-graph\">{\"@context\":\"https:\/\/schema.org\",\"@graph\":[{\"@type\":\"WebPage\",\"@id\":\"https:\/\/www.festivalvedy.sk\/wp2\/bratislavsky-a-trnavsky-kraj\/\",\"url\":\"https:\/\/www.festivalvedy.sk\/wp2\/bratislavsky-a-trnavsky-kraj\/\",\"name\":\"Bratislavsk\u00fd a Trnavsk\u00fd kraj - Festival vedy a techniky AMAVET\",\"isPartOf\":{\"@id\":\"https:\/\/www.festivalvedy.sk\/wp2\/#website\"},\"primaryImageOfPage\":{\"@id\":\"https:\/\/www.festivalvedy.sk\/wp2\/bratislavsky-a-trnavsky-kraj\/#primaryimage\"},\"image\":{\"@id\":\"https:\/\/www.festivalvedy.sk\/wp2\/bratislavsky-a-trnavsky-kraj\/#primaryimage\"},\"thumbnailUrl\":\"https:\/\/www.festivalvedy.sk\/wp2\/wp-content\/uploads\/2024\/07\/Logo-partneri-na-web.jpg\",\"datePublished\":\"2019-09-14T17:16:16+00:00\",\"dateModified\":\"2025-07-18T07:38:05+00:00\",\"breadcrumb\":{\"@id\":\"https:\/\/www.festivalvedy.sk\/wp2\/bratislavsky-a-trnavsky-kraj\/#breadcrumb\"},\"inLanguage\":\"sk-SK\",\"potentialAction\":[{\"@type\":\"ReadAction\",\"target\":[\"https:\/\/www.festivalvedy.sk\/wp2\/bratislavsky-a-trnavsky-kraj\/\"]}]},{\"@type\":\"ImageObject\",\"inLanguage\":\"sk-SK\",\"@id\":\"https:\/\/www.festivalvedy.sk\/wp2\/bratislavsky-a-trnavsky-kraj\/#primaryimage\",\"url\":\"https:\/\/www.festivalvedy.sk\/wp2\/wp-content\/uploads\/2024\/07\/Logo-partneri-na-web.jpg\",\"contentUrl\":\"https:\/\/www.festivalvedy.sk\/wp2\/wp-content\/uploads\/2024\/07\/Logo-partneri-na-web.jpg\",\"width\":945,\"height\":499},{\"@type\":\"BreadcrumbList\",\"@id\":\"https:\/\/www.festivalvedy.sk\/wp2\/bratislavsky-a-trnavsky-kraj\/#breadcrumb\",\"itemListElement\":[{\"@type\":\"ListItem\",\"position\":1,\"name\":\"Home\",\"item\":\"https:\/\/www.festivalvedy.sk\/wp2\/\"},{\"@type\":\"ListItem\",\"position\":2,\"name\":\"Bratislavsk\u00fd a Trnavsk\u00fd kraj\"}]},{\"@type\":\"WebSite\",\"@id\":\"https:\/\/www.festivalvedy.sk\/wp2\/#website\",\"url\":\"https:\/\/www.festivalvedy.sk\/wp2\/\",\"name\":\"Festival vedy a techniky AMAVET\",\"description\":\"AMAVET - Asoci\u00e1cia pre ml\u00e1de\u017e, vedu a techniku\",\"publisher\":{\"@id\":\"https:\/\/www.festivalvedy.sk\/wp2\/#organization\"},\"potentialAction\":[{\"@type\":\"SearchAction\",\"target\":{\"@type\":\"EntryPoint\",\"urlTemplate\":\"https:\/\/www.festivalvedy.sk\/wp2\/?s={search_term_string}\"},\"query-input\":{\"@type\":\"PropertyValueSpecification\",\"valueRequired\":true,\"valueName\":\"search_term_string\"}}],\"inLanguage\":\"sk-SK\"},{\"@type\":\"Organization\",\"@id\":\"https:\/\/www.festivalvedy.sk\/wp2\/#organization\",\"name\":\"Festival vedy a techniky AMAVET\",\"url\":\"https:\/\/www.festivalvedy.sk\/wp2\/\",\"logo\":{\"@type\":\"ImageObject\",\"inLanguage\":\"sk-SK\",\"@id\":\"https:\/\/www.festivalvedy.sk\/wp2\/#\/schema\/logo\/image\/\",\"url\":\"https:\/\/www.festivalvedy.sk\/wp2\/wp-content\/uploads\/2022\/02\/cropped-fvat-ochranna-zona.png\",\"contentUrl\":\"https:\/\/www.festivalvedy.sk\/wp2\/wp-content\/uploads\/2022\/02\/cropped-fvat-ochranna-zona.png\",\"width\":1190,\"height\":357,\"caption\":\"Festival vedy a techniky AMAVET\"},\"image\":{\"@id\":\"https:\/\/www.festivalvedy.sk\/wp2\/#\/schema\/logo\/image\/\"}}]}<\/script>\n<!-- \/ Yoast SEO plugin. -->","yoast_head_json":{"title":"Bratislavsk\u00fd a Trnavsk\u00fd kraj - Festival vedy a techniky AMAVET","robots":{"index":"index","follow":"follow","max-snippet":"max-snippet:-1","max-image-preview":"max-image-preview:large","max-video-preview":"max-video-preview:-1"},"canonical":"https:\/\/www.festivalvedy.sk\/wp2\/bratislavsky-a-trnavsky-kraj\/","og_locale":"sk_SK","og_type":"article","og_title":"Bratislavsk\u00fd a Trnavsk\u00fd kraj - Festival vedy a techniky AMAVET","og_description":"\u00a0\u00a0\u00a0\u00a0\u00a0\u00a0\u00a0\u00a0\u00a0\u00a0\u00a0\u00a0\u00a0\u00a0\u00a0\u00a0\u00a0\u00a0\u00a0\u00a0\u00a0\u00a0\u00a0 \u00a0 D\u00e1tum a miesto konania (prezen\u010dne): 10.10.2025, Z\u00e1\u017eitkov\u00e9 centrum vedy Aurelium, Bojnick\u00e1 3, Bratislava Prihlasovanie do 30.9.2025 (vr\u00e1tane). Program 09:00 \u2013 09.30 registr\u00e1cia a in\u0161tal\u00e1cia projektov09.30 \u2013 09.40 otvorenie podujatia09.40 \u2013 11.30 prezent\u00e1cia a hodnotenie projektov12.00 \u2013 12.30 obed 13.00 \u2013 13:30 vyhodnotenie Koordin\u00e1tor krajsk\u00e9ho kola Barbora C\u00edchov\u00e1, 0948 345 177, cichova[zavinac]amavet.sk Hodnotiaca komisia [&hellip;]","og_url":"https:\/\/www.festivalvedy.sk\/wp2\/bratislavsky-a-trnavsky-kraj\/","og_site_name":"Festival vedy a techniky AMAVET","article_modified_time":"2025-07-18T07:38:05+00:00","og_image":[{"url":"https:\/\/www.festivalvedy.sk\/wp2\/wp-content\/uploads\/2024\/07\/Logo-partneri-na-web.jpg","type":"","width":"","height":""}],"twitter_card":"summary_large_image","twitter_misc":{"Predpokladan\u00fd \u010das \u010d\u00edtania":"1 min\u00fata"},"schema":{"@context":"https:\/\/schema.org","@graph":[{"@type":"WebPage","@id":"https:\/\/www.festivalvedy.sk\/wp2\/bratislavsky-a-trnavsky-kraj\/","url":"https:\/\/www.festivalvedy.sk\/wp2\/bratislavsky-a-trnavsky-kraj\/","name":"Bratislavsk\u00fd a Trnavsk\u00fd kraj - Festival vedy a techniky AMAVET","isPartOf":{"@id":"https:\/\/www.festivalvedy.sk\/wp2\/#website"},"primaryImageOfPage":{"@id":"https:\/\/www.festivalvedy.sk\/wp2\/bratislavsky-a-trnavsky-kraj\/#primaryimage"},"image":{"@id":"https:\/\/www.festivalvedy.sk\/wp2\/bratislavsky-a-trnavsky-kraj\/#primaryimage"},"thumbnailUrl":"https:\/\/www.festivalvedy.sk\/wp2\/wp-content\/uploads\/2024\/07\/Logo-partneri-na-web.jpg","datePublished":"2019-09-14T17:16:16+00:00","dateModified":"2025-07-18T07:38:05+00:00","breadcrumb":{"@id":"https:\/\/www.festivalvedy.sk\/wp2\/bratislavsky-a-trnavsky-kraj\/#breadcrumb"},"inLanguage":"sk-SK","potentialAction":[{"@type":"ReadAction","target":["https:\/\/www.festivalvedy.sk\/wp2\/bratislavsky-a-trnavsky-kraj\/"]}]},{"@type":"ImageObject","inLanguage":"sk-SK","@id":"https:\/\/www.festivalvedy.sk\/wp2\/bratislavsky-a-trnavsky-kraj\/#primaryimage","url":"https:\/\/www.festivalvedy.sk\/wp2\/wp-content\/uploads\/2024\/07\/Logo-partneri-na-web.jpg","contentUrl":"https:\/\/www.festivalvedy.sk\/wp2\/wp-content\/uploads\/2024\/07\/Logo-partneri-na-web.jpg","width":945,"height":499},{"@type":"BreadcrumbList","@id":"https:\/\/www.festivalvedy.sk\/wp2\/bratislavsky-a-trnavsky-kraj\/#breadcrumb","itemListElement":[{"@type":"ListItem","position":1,"name":"Home","item":"https:\/\/www.festivalvedy.sk\/wp2\/"},{"@type":"ListItem","position":2,"name":"Bratislavsk\u00fd a Trnavsk\u00fd kraj"}]},{"@type":"WebSite","@id":"https:\/\/www.festivalvedy.sk\/wp2\/#website","url":"https:\/\/www.festivalvedy.sk\/wp2\/","name":"Festival vedy a techniky AMAVET","description":"AMAVET - Asoci\u00e1cia pre ml\u00e1de\u017e, vedu a techniku","publisher":{"@id":"https:\/\/www.festivalvedy.sk\/wp2\/#organization"},"potentialAction":[{"@type":"SearchAction","target":{"@type":"EntryPoint","urlTemplate":"https:\/\/www.festivalvedy.sk\/wp2\/?s={search_term_string}"},"query-input":{"@type":"PropertyValueSpecification","valueRequired":true,"valueName":"search_term_string"}}],"inLanguage":"sk-SK"},{"@type":"Organization","@id":"https:\/\/www.festivalvedy.sk\/wp2\/#organization","name":"Festival vedy a techniky AMAVET","url":"https:\/\/www.festivalvedy.sk\/wp2\/","logo":{"@type":"ImageObject","inLanguage":"sk-SK","@id":"https:\/\/www.festivalvedy.sk\/wp2\/#\/schema\/logo\/image\/","url":"https:\/\/www.festivalvedy.sk\/wp2\/wp-content\/uploads\/2022\/02\/cropped-fvat-ochranna-zona.png","contentUrl":"https:\/\/www.festivalvedy.sk\/wp2\/wp-content\/uploads\/2022\/02\/cropped-fvat-ochranna-zona.png","width":1190,"height":357,"caption":"Festival vedy a techniky AMAVET"},"image":{"@id":"https:\/\/www.festivalvedy.sk\/wp2\/#\/schema\/logo\/image\/"}}]}},"_links":{"self":[{"href":"https:\/\/www.festivalvedy.sk\/wp2\/wp-json\/wp\/v2\/pages\/69","targetHints":{"allow":["GET"]}}],"collection":[{"href":"https:\/\/www.festivalvedy.sk\/wp2\/wp-json\/wp\/v2\/pages"}],"about":[{"href":"https:\/\/www.festivalvedy.sk\/wp2\/wp-json\/wp\/v2\/types\/page"}],"author":[{"embeddable":true,"href":"https:\/\/www.festivalvedy.sk\/wp2\/wp-json\/wp\/v2\/users\/1"}],"replies":[{"embeddable":true,"href":"https:\/\/www.festivalvedy.sk\/wp2\/wp-json\/wp\/v2\/comments?post=69"}],"version-history":[{"count":8,"href":"https:\/\/www.festivalvedy.sk\/wp2\/wp-json\/wp\/v2\/pages\/69\/revisions"}],"predecessor-version":[{"id":5145,"href":"https:\/\/www.festivalvedy.sk\/wp2\/wp-json\/wp\/v2\/pages\/69\/revisions\/5145"}],"wp:attachment":[{"href":"https:\/\/www.festivalvedy.sk\/wp2\/wp-json\/wp\/v2\/media?parent=69"}],"curies":[{"name":"wp","href":"https:\/\/api.w.org\/{rel}","templated":true}]}}